{"id":9917,"date":"2024-09-19T22:07:33","date_gmt":"2024-09-19T21:07:33","guid":{"rendered":"https:\/\/mathsguyon.fr\/?page_id=9917"},"modified":"2026-01-20T10:45:07","modified_gmt":"2026-01-20T09:45:07","slug":"devoirs-surveilles-2024-2025","status":"publish","type":"page","link":"https:\/\/mathsguyon.fr\/?page_id=9917","title":{"rendered":"Devoirs surveill\u00e9s"},"content":{"rendered":"<h1>Devoirs surveill\u00e9s 2025-2026<\/h1>\n<ul>\n<li>\n<h2>DS 1 : Sujet et correction : <a href=\"https:\/\/www.dropbox.com\/scl\/fi\/kjqadl81s21eby3gwpsa5\/DS_1_recurrence_sujet_bis.pdf?rlkey=dmk3q8pv337b1y02q17dg2c25&amp;dl=0\" data-type=\"link\" data-id=\"https:\/\/www.dropbox.com\/scl\/fi\/kjqadl81s21eby3gwpsa5\/DS_1_recurrence_sujet_bis.pdf?rlkey=dmk3q8pv337b1y02q17dg2c25&amp;dl=0\">R\u00e9currence et suites<\/a> &#8211; <a href=\"https:\/\/www.dropbox.com\/scl\/fi\/u3s9ex8dyddmtxeustpbt\/DS_1_recurrence_sujet.pdf?rlkey=ursmqz4f5rs6qjmndla8s879e&amp;dl=0\" data-type=\"link\" data-id=\"https:\/\/www.dropbox.com\/scl\/fi\/u3s9ex8dyddmtxeustpbt\/DS_1_recurrence_sujet.pdf?rlkey=ursmqz4f5rs6qjmndla8s879e&amp;dl=0\">Sujet autre groupe (avec correction non retravaill\u00e9e)<\/a><\/h2>\n<\/li>\n<li>\n<h2>DS 2 : <a href=\"https:\/\/www.dropbox.com\/scl\/fi\/qpocd32u4u2zuc9nyif6z\/DS_2_limites_suites.pdf?rlkey=xdut55kl0yw0vzlfpwhurejo0&amp;dl=0\">Limites de suites<\/a><\/h2>\n<\/li>\n<li>\n<h2>DS 3 : <a href=\"https:\/\/www.dropbox.com\/scl\/fi\/k9h365mcq5pqo3oas478t\/DS_3_limites_convexite.pdf?rlkey=snuiwtnjzz1fvv4gd2mow1hw4&amp;dl=0\">Convexit\u00e9 et limites de fonctions.<\/a>\u00a0 \u00a0<a href=\"https:\/\/youtube.com\/embed\/7VBdFDWkAhE\">Correction vid\u00e9o exo 1<\/a> + <a href=\"https:\/\/youtube.com\/embed\/Apb74uGSfwc\">Correction exo 2 vid\u00e9o<\/a><\/h2>\n<\/li>\n<li>\n<h2><a href=\"https:\/\/www.dropbox.com\/scl\/fi\/hggz7aw34uw5b8nzmsu12\/devoir_formatif_synthese.pdf?rlkey=dhyont8zopwfdopy06s2ek43r&amp;dl=0\">Devoir formatif TVI, point fixe, convexit\u00e9, r\u00e9currence, &#8230;<\/a><\/h2>\n<\/li>\n<li>\n<h2><a href=\"https:\/\/www.dropbox.com\/scl\/fi\/45f112vzqfj5q7mvcoq3i\/DS_4_TVI_pt_fixe.pdf?rlkey=5cldq6h74qpb8lrhddnzq2z9c&amp;dl=0\">DS 4 :<\/a> r\u00e9curence, convergence suites monotones, point fixe, convexit\u00e9, limites et TVI.\u00a0 \u00a0\u00a0<a href=\"https:\/\/youtu.be\/HoKHpk4gN6U?si=e4hMEBpjXLPpf6PD\">Vid\u00e9o 1<\/a> analyse exo 1 &#8211; <a href=\"https:\/\/youtu.be\/4_uojZgbEHw?si=5nFjmeHE9KVfyVVl\">Vid\u00e9o 2<\/a> : correction exo 1.\u00a0<\/h2>\n<\/li>\n<li>\n<h2>DS 5 : probabilit\u00e9s : <a href=\"https:\/\/www.dropbox.com\/scl\/fi\/gvg5thp78q6m6o1ys8o6d\/DS5_evalounette_proba.pdf?rlkey=turdxukqxzjhcdt1xvbixd5dc&amp;dl=0\">sujet 1<\/a>. &#8211; <a href=\"https:\/\/www.dropbox.com\/scl\/fi\/44nbsmqf9yyzmu8utohj1\/DS5_evalounette_proba22.pdf?rlkey=866a489gnbjyaa54g8qbtzw1l&amp;dl=0\">sujet 2<\/a>\u00a0<\/h2>\n<\/li>\n<\/ul>\n\n\n<h1 class=\"wp-block-heading\">Devoirs surveill\u00e9s 2024-2025<\/h1>\n\n\n<ul>\n<li>DS 1 : R\u00e9currence et suites :\u00a0<a href=\"http:\/\/mathsguyon.fr\/wp-content\/uploads\/2024\/09\/DS_1_recurrence_sujet.pdf\">Sujet<\/a>\u00a0 &#8211; <a href=\"https:\/\/www.dropbox.com\/scl\/fi\/rsblym4pnc4ph1xfr7j63\/Point_methode_r-aiso_r-cu.pdf?rlkey=13bq2pa2bwq9vzihzdtm430lf&amp;dl=0\">Aide correction exo 1<\/a> &#8211;\u00a0 <a href=\"https:\/\/www.dropbox.com\/scl\/fi\/fcc5eq3mdlw5svt86v9kk\/DS_1_recurrence_corr.pdf?rlkey=c06dn1bv9ahubga2hrv6lpxut&amp;dl=0\">Correction exo 2 et 3<\/a><\/li>\n<li>DS 2 : Limites de suites et r\u00e9currence : <a href=\"https:\/\/www.dropbox.com\/scl\/fi\/d19j3uma8g7bs55wwpmea\/DS_2_limites_suites.pdf?rlkey=ib3kqyq5pte2nrj3a4pit4ek9&amp;dl=0\">Sujet avec correction \u00e0 la suite<\/a><\/li>\n<li>DS 3 : Limites de fonctions : <a href=\"http:\/\/mathsguyon.fr\/wp-content\/uploads\/2024\/11\/DS_3_limites_fonctions_vrai_sujet.pdf\">Sujet avec corrig\u00e9<\/a> &#8211; Lien audio :\u00a0 <a href=\"https:\/\/www.mon-oral.net\/K46VW5\">Ex 2 q1<\/a>;\u00a0 <a href=\"http:\/\/www.mon-oral.net\/CTY4B3\">Ex 2 q4<\/a>\u00a0 ; <a href=\"http:\/\/www.mon-oral.net\/CSPD3W\">Ex2q6\u00a0<\/a> ;\u00a0<a href=\"http:\/\/www.mon-oral.net\/CS8HPK\">Ex 3 q1<\/a><\/li>\n<li>DS 4 : <a href=\"https:\/\/www.dropbox.com\/scl\/fi\/qlpt6jndmnddjlbd3h860\/DS_4_convexite_derivee.pdf?rlkey=0dn66mmkow0gmbfd3mwp6wgm5&amp;dl=0\" target=\"_blank\" rel=\"noopener\">Convexit\u00e9 (sujet + corrige)<\/a><\/li>\n<li>DS 5 : <a href=\"https:\/\/www.dropbox.com\/scl\/fi\/sydgb07kyy1gepzg9pxte\/DS_5_TVI_fonctions_final.pdf?rlkey=cdyamwlqlv6f7i3l76ha4u7kp&amp;dl=0\" target=\"_blank\" rel=\"noopener\">TVI &#8211; Convexit\u00e9 (sujet + corrig\u00e9)<\/a><\/li>\n<li>DS 6 : <a href=\"https:\/\/www.dropbox.com\/scl\/fi\/4jiq7im8irc4xlzc8yptb\/DS_6_bino_corrtex.pdf?rlkey=2e7wrivkcyhp9m177j2q5plnc&amp;dl=0\" target=\"_blank\" rel=\"noopener\">Probabilit\u00e9s (sujet + corrig\u00e9)<\/a> \u00a0\u00a0\u00a0<a href=\"https:\/\/www.dropbox.com\/scl\/fi\/uwwmfzu926clo5r737z28\/DS_6_binomiale_correction_beamer.pdf?rlkey=rnfo5drgqbwprgtmu3vpoewd3&amp;dl=0\" target=\"_blank\" rel=\"noopener\">Diaporama correction<\/a><\/li>\n<li>Bac Blanc janvier : <a href=\"https:\/\/www.dropbox.com\/scl\/fi\/wyscjf8p5nqfrf9voyv93\/BacBlanc1_sujet1.pdf?rlkey=plqo24dgputrbhjriecatft0d&amp;dl=0\">Jour 1<\/a> &#8211; <a href=\"https:\/\/www.dropbox.com\/scl\/fi\/fy44scddsj5afh3w1wlg6\/BacBlanc1_sujet2.pdf?rlkey=i2hylwrwv8gww0lrb30dcps59&amp;dl=0\">Jour 2<\/a> &#8211; <a href=\"https:\/\/www.dropbox.com\/scl\/fi\/sit2z8k37jiwc0yzs1aum\/Correction_Avec_Bareme_Sujet_1.pdf?rlkey=al2twismejj9m2nd0b3sasgyr&amp;dl=0\">Correction J1<\/a> &#8211; <a href=\"https:\/\/www.dropbox.com\/scl\/fi\/ko99o446rg6tbj8zfymln\/Correction_Avec_Bareme_Sujet_2.pdf?rlkey=rm3m6wtssa9qmlerohq6ic5u8&amp;dl=0\">Correction<\/a><\/li>\n<li>DS 8 : <a href=\"https:\/\/www.dropbox.com\/scl\/fi\/l1rkx3uxbibaej7zbbe9b\/DS_8_espace.pdf?rlkey=5oo8ohzghabnyu6jaeki661en&amp;dl=0\" target=\"_blank\" rel=\"noopener\">Espace (\u00e9nonc\u00e9 + corrig\u00e9)\u00a0<\/a> \u00a0\u00a0\u00a0\u00a0\u00a0\u00a0\u00a0DS 8bis : <a href=\"https:\/\/www.dropbox.com\/scl\/fi\/6p8cm7jqvm3h7b84mmdsn\/DS_8_espace_bis.pdf?rlkey=6k9xnpujrha9cnt7z5i2az3b8&amp;dl=0\" target=\"_blank\" rel=\"noopener\">Espace (\u00e9nonc\u00e9 + corrig\u00e9)<\/a><\/li>\n<li>DS 9 : <a href=\"https:\/\/www.dropbox.com\/scl\/fi\/v8vptmnvo0fdu7qoyf6fy\/DS_9_log.pdf?rlkey=7o75y72etlbfu49hm0p3v395d&amp;dl=0\" target=\"_blank\" rel=\"noopener\">Logarithme<\/a><\/li>\n<li>Bac Blanc Avril : <a href=\"https:\/\/www.dropbox.com\/scl\/fi\/cpwz1z5jqbve92u0leq7e\/BacBlanc2_sujet1.pdf?rlkey=tnrewhppw6dfwscm40a5kqbht&amp;dl=0\" target=\"_blank\" rel=\"noopener\">Jour 1<\/a> &#8211; Jour 2 &#8211; <a href=\"https:\/\/www.dropbox.com\/scl\/fi\/23sp67j7s3jr3g2snoe5w\/BacBlanc2_sujet1_corr.pdf?rlkey=v94w18900j521rnph65ikcn5t&amp;dl=0\" target=\"_blank\" rel=\"noopener\">Correction J1<\/a> &#8211; Correction J2<\/li>\n<\/ul>\n\n\n<p><\/p>\n","protected":false},"excerpt":{"rendered":"<p>Devoirs surveill\u00e9s 2025-2026 DS 1 : Sujet et correction : R\u00e9currence et suites &#8211; Sujet autre groupe (avec correction non retravaill\u00e9e) DS 2 : Limites de suites DS 3 : Convexit\u00e9 et limites de fonctions.\u00a0 \u00a0Correction vid\u00e9o exo 1 + &hellip; <a href=\"https:\/\/mathsguyon.fr\/?page_id=9917\">Continuer la lecture <span class=\"meta-nav\">&rarr;<\/span><\/a><\/p>\n","protected":false},"author":1,"featured_media":0,"parent":0,"menu_order":0,"comment_status":"closed","ping_status":"closed","template":"","meta":{"footnotes":""},"class_list":["post-9917","page","type-page","status-publish","hentry"],"_links":{"self":[{"href":"https:\/\/mathsguyon.fr\/index.php?rest_route=\/wp\/v2\/pages\/9917","targetHints":{"allow":["GET"]}}],"collection":[{"href":"https:\/\/mathsguyon.fr\/index.php?rest_route=\/wp\/v2\/pages"}],"about":[{"href":"https:\/\/mathsguyon.fr\/index.php?rest_route=\/wp\/v2\/types\/page"}],"author":[{"embeddable":true,"href":"https:\/\/mathsguyon.fr\/index.php?rest_route=\/wp\/v2\/users\/1"}],"replies":[{"embeddable":true,"href":"https:\/\/mathsguyon.fr\/index.php?rest_route=%2Fwp%2Fv2%2Fcomments&post=9917"}],"version-history":[{"count":34,"href":"https:\/\/mathsguyon.fr\/index.php?rest_route=\/wp\/v2\/pages\/9917\/revisions"}],"predecessor-version":[{"id":10643,"href":"https:\/\/mathsguyon.fr\/index.php?rest_route=\/wp\/v2\/pages\/9917\/revisions\/10643"}],"wp:attachment":[{"href":"https:\/\/mathsguyon.fr\/index.php?rest_route=%2Fwp%2Fv2%2Fmedia&parent=9917"}],"curies":[{"name":"wp","href":"https:\/\/api.w.org\/{rel}","templated":true}]}}