{"id":9856,"date":"2024-09-10T15:41:24","date_gmt":"2024-09-10T14:41:24","guid":{"rendered":"https:\/\/mathsguyon.fr\/?page_id=9856"},"modified":"2025-11-30T23:55:31","modified_gmt":"2025-11-30T22:55:31","slug":"questions-flashs","status":"publish","type":"page","link":"https:\/\/mathsguyon.fr\/?page_id=9856","title":{"rendered":"Automatismes"},"content":{"rendered":"<ul>\n<li><a href=\"https:\/\/coopmaths.fr\/alea\/?uuid=efc17&amp;id=1A-C02-4&amp;n=1&amp;d=10&amp;qcm=1&amp;cd=1&amp;alea=3192&amp;uuid=dac3c&amp;id=1A-C02-1&amp;n=1&amp;d=10&amp;qcm=1&amp;cd=1&amp;alea=DOsa&amp;uuid=1252f&amp;id=1A-C02-2&amp;n=1&amp;d=10&amp;qcm=1&amp;cd=1&amp;alea=B8rt&amp;uuid=42707&amp;id=1A-C07-2&amp;alea=wZjk&amp;uuid=5fb9e&amp;id=1A-C07-1&amp;alea=cxt0&amp;uuid=c57cf&amp;id=auto6M1C&amp;n=2&amp;d=10&amp;s=5&amp;s2=true&amp;s3=false&amp;s4=false&amp;cd=1&amp;alea=EQZi&amp;uuid=6225c&amp;id=5M13&amp;n=1&amp;d=10&amp;s=6&amp;s2=true&amp;s3=1&amp;s4=false&amp;cd=1&amp;alea=asyg&amp;uuid=33ac2&amp;id=5N21&amp;n=1&amp;d=10&amp;s=5&amp;s2=true&amp;s3=1&amp;cd=1&amp;alea=KG9o&amp;uuid=f4d29&amp;id=5N21-1&amp;n=1&amp;d=10&amp;s=3&amp;s2=true&amp;s3=4&amp;s4=2&amp;cd=1&amp;alea=2yTd&amp;uuid=2132c&amp;id=1A-E02-1&amp;alea=a4a4&amp;uuid=a3828&amp;id=1A-E02-2&amp;n=1&amp;d=10&amp;s=false&amp;s2=true&amp;s4=false&amp;cd=1&amp;alea=ImpU&amp;uuid=6201b&amp;id=1A-E02-3&amp;n=1&amp;d=10&amp;s=false&amp;s2=true&amp;s4=false&amp;cd=1&amp;alea=ySKU\">S\u00e9ance 1 :<\/a> Fractions et conversion unit\u00e9s<\/li>\n<li><a href=\"https:\/\/coopmaths.fr\/alea\/?uuid=2132c&amp;id=1A-E02-1&amp;alea=a4a4&amp;uuid=a3828&amp;id=1A-E02-2&amp;n=1&amp;d=10&amp;s=false&amp;s2=true&amp;s4=false&amp;cd=1&amp;alea=ImpU&amp;uuid=6201b&amp;id=1A-E02-3&amp;n=1&amp;d=10&amp;s=false&amp;s2=true&amp;s4=false&amp;cd=1&amp;alea=ySKU&amp;uuid=118c2&amp;id=1A-E02-4&amp;n=1&amp;d=10&amp;s=false&amp;s2=true&amp;s4=false&amp;cd=1&amp;alea=zgBQ&amp;uuid=7f5f6&amp;id=1A-F02-8&amp;n=1&amp;d=10&amp;s=false&amp;s2=true&amp;s4=false&amp;cd=1&amp;alea=Cruo&amp;uuid=08208&amp;id=1A-F02-9&amp;alea=uCkJ&amp;uuid=ab46f&amp;id=1A-F02-10&amp;alea=EzeH&amp;uuid=27154&amp;id=1A-F02-11&amp;alea=Bhah&amp;uuid=2f147&amp;id=1A-F02-12&amp;alea=qcHT&amp;uuid=c4579&amp;id=1A-F07-4&amp;alea=tsm7&amp;uuid=35c0e&amp;id=1A-F07-2&amp;n=1&amp;d=10&amp;s=false&amp;s2=true&amp;s4=false&amp;cd=1&amp;alea=N1bZ&amp;uuid=4a79c&amp;id=1A-F07-1&amp;alea=wZjk&amp;v=eleve&amp;es=1211001&amp;title=Automatismes+%3A+S%C3%A9ance+2+\">S\u00e9ance 2<\/a> : \u00c9volutions en pourcentage &#8211; \u00c9quations r\u00e9duites de droites &#8211; Lecture et calculs d&rsquo;images d&rsquo;une fonction<\/li>\n<li><a href=\"https:\/\/coopmaths.fr\/alea\/?uuid=6d860&amp;id=1A-C01-1&amp;i=1&amp;alea=N0JG&amp;uuid=21ea5&amp;id=1A-C01-2&amp;i=1&amp;alea=BW35&amp;uuid=3e5b1&amp;id=1A-C01-3&amp;i=1&amp;alea=e72R&amp;uuid=71eba&amp;id=1A-C03-2&amp;i=1&amp;alea=VMIM&amp;uuid=65cdf&amp;id=1A-C03-3&amp;i=1&amp;alea=yrVH&amp;uuid=b37ab&amp;id=1A-C03-4&amp;i=1&amp;alea=O2Fm&amp;uuid=1f233&amp;id=1A-C04-2&amp;i=1&amp;alea=00MO&amp;uuid=a3996&amp;id=1A-C04-3&amp;i=1&amp;alea=UUm1&amp;uuid=73991&amp;id=1A-C04-4&amp;i=1&amp;alea=2gwr&amp;uuid=b0831&amp;id=1A-C09-6&amp;i=1&amp;alea=56ot&amp;uuid=ba2e1&amp;id=1A-C09-7&amp;i=1&amp;alea=bOMW&amp;uuid=09d80&amp;id=1A-C09-8&amp;i=1&amp;alea=pqa5&amp;v=eleve&amp;title=S%C3%A9ance+3+%3A+Automatismes&amp;es=1111001\">S\u00e9ance 3 :<\/a> Comparaisons de nombres &#8211; Puissances &#8211; Vocabulaire nombres &#8211; Calcul litt\u00e9ral<\/li>\n<li><a href=\"https:\/\/coopmaths.fr\/alea\/?uuid=e1e6d&amp;id=1A-C10-1&amp;alea=8ev1&amp;uuid=8d5ec&amp;id=1A-C10-2&amp;alea=fPL9&amp;uuid=2e7a5&amp;id=1A-C10-8&amp;alea=gDBp&amp;uuid=96187&amp;id=1A-C10-9&amp;alea=APnp&amp;uuid=459d1&amp;id=1A-C10-12&amp;alea=cJpy&amp;uuid=a78e8&amp;id=1A-C11-1&amp;alea=ltPT&amp;uuid=8d642&amp;id=1A-C11-2&amp;alea=MSXE&amp;uuid=cf226&amp;id=1A-C14-1&amp;alea=r0Vv&amp;uuid=6fc42&amp;id=1A-C14-3&amp;alea=c8FU&amp;uuid=d7ba2&amp;id=1A-C14-4&amp;alea=3cxG&amp;uuid=6ffd3&amp;id=1A-E01-1&amp;alea=hiwM&amp;uuid=ae5f6&amp;id=1A-E01-2&amp;alea=Y7IK&amp;v=eleve&amp;es=2211001&amp;title=S%25C3%25A9ance%25204\">S\u00e9ance 4<\/a> : \u00c9quations, in\u00e9quations, signe fonctions affines, coefficient multiplicateur<\/li>\n<\/ul>\n\n\n<p><\/p>\n","protected":false},"excerpt":{"rendered":"<p>S\u00e9ance 1 : Fractions et conversion unit\u00e9s S\u00e9ance 2 : \u00c9volutions en pourcentage &#8211; \u00c9quations r\u00e9duites de droites &#8211; Lecture et calculs d&rsquo;images d&rsquo;une fonction S\u00e9ance 3 : Comparaisons de nombres &#8211; Puissances &#8211; Vocabulaire nombres &#8211; Calcul litt\u00e9ral S\u00e9ance &hellip; <a href=\"https:\/\/mathsguyon.fr\/?page_id=9856\">Continuer la lecture <span class=\"meta-nav\">&rarr;<\/span><\/a><\/p>\n","protected":false},"author":1,"featured_media":0,"parent":0,"menu_order":0,"comment_status":"closed","ping_status":"closed","template":"","meta":{"footnotes":""},"class_list":["post-9856","page","type-page","status-publish","hentry"],"_links":{"self":[{"href":"https:\/\/mathsguyon.fr\/index.php?rest_route=\/wp\/v2\/pages\/9856","targetHints":{"allow":["GET"]}}],"collection":[{"href":"https:\/\/mathsguyon.fr\/index.php?rest_route=\/wp\/v2\/pages"}],"about":[{"href":"https:\/\/mathsguyon.fr\/index.php?rest_route=\/wp\/v2\/types\/page"}],"author":[{"embeddable":true,"href":"https:\/\/mathsguyon.fr\/index.php?rest_route=\/wp\/v2\/users\/1"}],"replies":[{"embeddable":true,"href":"https:\/\/mathsguyon.fr\/index.php?rest_route=%2Fwp%2Fv2%2Fcomments&post=9856"}],"version-history":[{"count":6,"href":"https:\/\/mathsguyon.fr\/index.php?rest_route=\/wp\/v2\/pages\/9856\/revisions"}],"predecessor-version":[{"id":10612,"href":"https:\/\/mathsguyon.fr\/index.php?rest_route=\/wp\/v2\/pages\/9856\/revisions\/10612"}],"wp:attachment":[{"href":"https:\/\/mathsguyon.fr\/index.php?rest_route=%2Fwp%2Fv2%2Fmedia&parent=9856"}],"curies":[{"name":"wp","href":"https:\/\/api.w.org\/{rel}","templated":true}]}}