{"id":9689,"date":"2024-08-16T12:01:51","date_gmt":"2024-08-16T11:01:51","guid":{"rendered":"https:\/\/mathsguyon.fr\/?page_id=9689"},"modified":"2024-09-29T16:28:34","modified_gmt":"2024-09-29T15:28:34","slug":"2-limites-de-suites","status":"publish","type":"page","link":"https:\/\/mathsguyon.fr\/?page_id=9689","title":{"rendered":"2. Limites de suites"},"content":{"rendered":"<h1 style=\"text-align: center;\"><a href=\"http:\/\/mathsguyon.fr\/wp-content\/uploads\/2024\/09\/02_Limites_de_suites_Cours_et_PDT.pdf\">Le cours<\/a>\u00a0\u00a0\u00a0\u00a0\u00a0\u00a0\u00a0\u00a0\u00a0\u00a0\u00a0<a href=\"https:\/\/www.dropbox.com\/scl\/fi\/9xdy0tq4zdkjlj1iu6m39\/PDT_limites_suites_2024.pdf?rlkey=w62kyoypq7phmf73rrxs0vmsh&amp;dl=0\" data-type=\"link\" data-id=\"https:\/\/www.dropbox.com\/scl\/fi\/9xdy0tq4zdkjlj1iu6m39\/PDT_limites_suites_2024.pdf?rlkey=w62kyoypq7phmf73rrxs0vmsh&amp;dl=0\">Le Plan de Travail corrig\u00e9<\/a><\/h1>\n<h2 style=\"text-align: center;\"><a href=\"https:\/\/www.canva.com\/design\/DAGSIQrpCzc\/9clXnrBbiX_LB8FIKMvOvQ\/view?utm_content=DAGSIQrpCzc&amp;utm_campaign=designshare&amp;utm_medium=link&amp;utm_source=editor\">Carte mentale interactive<\/a><\/h2>\n<h2 style=\"text-align: center;\">\u00a0\u00a0 <a href=\"http:\/\/mathsguyon.fr\/wp-content\/uploads\/2024\/09\/exos_supp_lim.pdf\">Calculs de limites (exercices applications directes)<\/a><\/h2>\n<h2 style=\"text-align: center;\"><span style=\"color: #800000;\">QCM de cours :<\/span><\/h2>\n<ol>\n<li><a href=\"https:\/\/link.dgpad.net\/p9qu\">Rappels suites arithm\u00e9tiques et g\u00e9om\u00e9triques<\/a><\/li>\n<li><a href=\"https:\/\/link.dgpad.net\/LF7S\">Introduction notion de limites<\/a><\/li>\n<li><a href=\"https:\/\/link.dgpad.net\/1p9P\">Vocabulaire<\/a><\/li>\n<li><a href=\"https:\/\/link.dgpad.net\/nTxd\">Suites de r\u00e9f\u00e9rences<\/a><\/li>\n<li><a href=\"https:\/\/link.dgpad.net\/yv9v\">Somme de limites<\/a><\/li>\n<li><a href=\"https:\/\/link.dgpad.net\/QsGg\">Produit de limites<\/a><\/li>\n<li><a href=\"https:\/\/link.dgpad.net\/YxWm\">Quotient de limites<\/a><\/li>\n<li><a href=\"https:\/\/link.dgpad.net\/fGHQ\">Th\u00e9or\u00e8me de comparaison<\/a><\/li>\n<li><a href=\"https:\/\/link.dgpad.net\/Cjw3\">Th\u00e9or\u00e8me des gendarmes<\/a><\/li>\n<\/ol>\n<h2 style=\"text-align: center;\"><span style=\"color: #800000;\">Sujets Bac sur les suites uniquement :<\/span><\/h2>\n<h2>\u00a0\u00a0\u00a0\u00a0\u00a0\u00a0\u00a0\u00a0\u00a0\u00a0 <a href=\"http:\/\/mathsguyon.fr\/wp-content\/uploads\/2024\/09\/BacS_2017.pdf\">2 sujets Bac corrig\u00e9s<\/a> \u00a0\u00a0\u00a0\u00a0\u00a0\u00a0\u00a0\u00a0\u00a0\u00a0\u00a0\u00a0\u00a0\u00a0\u00a0 <a href=\"http:\/\/mathsguyon.fr\/wp-content\/uploads\/2024\/09\/Prepa_DS2.pdf\">5 sujets Bac corrig\u00e9s<\/a><\/h2>\n\n\n<p><\/p>\n","protected":false},"excerpt":{"rendered":"<p>Le cours\u00a0\u00a0\u00a0\u00a0\u00a0\u00a0\u00a0\u00a0\u00a0\u00a0\u00a0Le Plan de Travail corrig\u00e9 Carte mentale interactive \u00a0\u00a0 Calculs de limites (exercices applications directes) QCM de cours : Rappels suites arithm\u00e9tiques et g\u00e9om\u00e9triques Introduction notion de limites Vocabulaire Suites de r\u00e9f\u00e9rences Somme de limites Produit de limites Quotient &hellip; <a href=\"https:\/\/mathsguyon.fr\/?page_id=9689\">Continuer la lecture <span class=\"meta-nav\">&rarr;<\/span><\/a><\/p>\n","protected":false},"author":1,"featured_media":0,"parent":0,"menu_order":0,"comment_status":"closed","ping_status":"closed","template":"","meta":{"footnotes":""},"class_list":["post-9689","page","type-page","status-publish","hentry"],"_links":{"self":[{"href":"https:\/\/mathsguyon.fr\/index.php?rest_route=\/wp\/v2\/pages\/9689","targetHints":{"allow":["GET"]}}],"collection":[{"href":"https:\/\/mathsguyon.fr\/index.php?rest_route=\/wp\/v2\/pages"}],"about":[{"href":"https:\/\/mathsguyon.fr\/index.php?rest_route=\/wp\/v2\/types\/page"}],"author":[{"embeddable":true,"href":"https:\/\/mathsguyon.fr\/index.php?rest_route=\/wp\/v2\/users\/1"}],"replies":[{"embeddable":true,"href":"https:\/\/mathsguyon.fr\/index.php?rest_route=%2Fwp%2Fv2%2Fcomments&post=9689"}],"version-history":[{"count":18,"href":"https:\/\/mathsguyon.fr\/index.php?rest_route=\/wp\/v2\/pages\/9689\/revisions"}],"predecessor-version":[{"id":9993,"href":"https:\/\/mathsguyon.fr\/index.php?rest_route=\/wp\/v2\/pages\/9689\/revisions\/9993"}],"wp:attachment":[{"href":"https:\/\/mathsguyon.fr\/index.php?rest_route=%2Fwp%2Fv2%2Fmedia&parent=9689"}],"curies":[{"name":"wp","href":"https:\/\/api.w.org\/{rel}","templated":true}]}}