{"id":8899,"date":"2022-12-07T13:38:40","date_gmt":"2022-12-07T12:38:40","guid":{"rendered":"http:\/\/mathsguyon.fr\/?page_id=8899"},"modified":"2024-01-15T15:28:19","modified_gmt":"2024-01-15T14:28:19","slug":"14-evolutions-en-pourcentage","status":"publish","type":"page","link":"https:\/\/mathsguyon.fr\/?page_id=8899","title":{"rendered":"\u00c9volutions en pourcentage"},"content":{"rendered":"<h1 style=\"text-align: center;\"><a href=\"http:\/\/mathsguyon.fr\/wp-content\/uploads\/2024\/01\/Cours_evolutions_2023.pdf\">Cours en pdf <\/a>\u00a0\u00a0\u00a0\u00a0<a href=\"http:\/\/mathsguyon.fr\/wp-content\/uploads\/2024\/01\/PDT_2023_evolutions.pdf\">Plan de Travail avec corrections<\/a><\/h1>\n<h1 style=\"text-align: center;\"><span style=\"color: #800000;\"><strong>Les vid\u00e9os du cours<\/strong><\/span><\/h1>\n<h2 style=\"text-align: center;\"><a href=\"https:\/\/youtube.com\/embed\/iYXojNR3XCI\">Vid\u00e9o 1<\/a> : activit\u00e9<\/h2>\n<h2 style=\"text-align: center;\"><a href=\"https:\/\/youtube.com\/embed\/SioDv7K4ncc\">Vid\u00e9o 2<\/a> : Le cours<\/h2>\n<h2 style=\"text-align: center;\"><a href=\"https:\/\/docs.google.com\/forms\/d\/e\/1FAIpQLSev2W_90i8-x-N_wk6nrJW1sG_2eysYHQd9B9Xu2sunAvszQw\/viewform\">QCM n\u00b01<\/a><\/h2>\n<h2 style=\"text-align: center;\"><a href=\"https:\/\/youtube.com\/embed\/uJr1nTR4Q-E\">Vid\u00e9o 3 <\/a>:\u00a0\u00a0 Exemple indirect<\/h2>\n<h2 style=\"text-align: center;\"><a href=\"https:\/\/youtube.com\/embed\/YzffBYQOA7o\">Vid\u00e9o 4 : <\/a>Taux d&rsquo;\u00e9volution<\/h2>\n<h2 style=\"text-align: center;\"><a href=\"https:\/\/goo.gl\/forms\/fuKFAHCbZs1SuQP12\">QCM n\u00b02<\/a><\/h2>\n<h2 style=\"text-align: center;\"><a href=\"https:\/\/youtube.com\/embed\/0i2UJuYcbDs\">Vid\u00e9o 5 :<\/a> \u00c9volutions successives<\/h2>\n<h2 style=\"text-align: center;\"><a href=\"https:\/\/youtube.com\/embed\/Ya2zEQ4M2ec\">Vid\u00e9o 6 <\/a>: \u00c9volutions r\u00e9ciproques<\/h2>\n<hr \/>\n<h2 style=\"text-align: center;\"><strong>Rappel complet de cours en 30 minutes : <a href=\"http:\/\/www.lumni.fr\/video\/les-pourcentages-partie-2-7-mai\">Vid\u00e9o de Lumni<\/a><\/strong><\/h2>\n","protected":false},"excerpt":{"rendered":"<p>Cours en pdf \u00a0\u00a0\u00a0\u00a0Plan de Travail avec corrections Les vid\u00e9os du cours Vid\u00e9o 1 : activit\u00e9 Vid\u00e9o 2 : Le cours QCM n\u00b01 Vid\u00e9o 3 :\u00a0\u00a0 Exemple indirect Vid\u00e9o 4 : Taux d&rsquo;\u00e9volution QCM n\u00b02 Vid\u00e9o 5 : \u00c9volutions successives &hellip; <a href=\"https:\/\/mathsguyon.fr\/?page_id=8899\">Continuer la lecture <span class=\"meta-nav\">&rarr;<\/span><\/a><\/p>\n","protected":false},"author":1,"featured_media":0,"parent":21,"menu_order":0,"comment_status":"closed","ping_status":"closed","template":"","meta":{"footnotes":""},"class_list":["post-8899","page","type-page","status-publish","hentry"],"_links":{"self":[{"href":"https:\/\/mathsguyon.fr\/index.php?rest_route=\/wp\/v2\/pages\/8899","targetHints":{"allow":["GET"]}}],"collection":[{"href":"https:\/\/mathsguyon.fr\/index.php?rest_route=\/wp\/v2\/pages"}],"about":[{"href":"https:\/\/mathsguyon.fr\/index.php?rest_route=\/wp\/v2\/types\/page"}],"author":[{"embeddable":true,"href":"https:\/\/mathsguyon.fr\/index.php?rest_route=\/wp\/v2\/users\/1"}],"replies":[{"embeddable":true,"href":"https:\/\/mathsguyon.fr\/index.php?rest_route=%2Fwp%2Fv2%2Fcomments&post=8899"}],"version-history":[{"count":6,"href":"https:\/\/mathsguyon.fr\/index.php?rest_route=\/wp\/v2\/pages\/8899\/revisions"}],"predecessor-version":[{"id":9459,"href":"https:\/\/mathsguyon.fr\/index.php?rest_route=\/wp\/v2\/pages\/8899\/revisions\/9459"}],"up":[{"embeddable":true,"href":"https:\/\/mathsguyon.fr\/index.php?rest_route=\/wp\/v2\/pages\/21"}],"wp:attachment":[{"href":"https:\/\/mathsguyon.fr\/index.php?rest_route=%2Fwp%2Fv2%2Fmedia&parent=8899"}],"curies":[{"name":"wp","href":"https:\/\/api.w.org\/{rel}","templated":true}]}}