{"id":8172,"date":"2021-08-22T12:49:05","date_gmt":"2021-08-22T11:49:05","guid":{"rendered":"http:\/\/mathsguyon.fr\/?page_id=8172"},"modified":"2021-09-10T09:19:24","modified_gmt":"2021-09-10T08:19:24","slug":"rituels-de-calculs","status":"publish","type":"page","link":"https:\/\/mathsguyon.fr\/?page_id=8172","title":{"rendered":"Rituels de calculs"},"content":{"rendered":"<h1 style=\"text-align: center;\"><span style=\"color: #800000;\"><strong>S&rsquo;entra\u00eener :<\/strong><\/span><\/h1>\n<h3 style=\"text-align: center;\">Tous les \u00e9nonc\u00e9s sont corrig\u00e9s. ils sont issus du site <a href=\"https:\/\/coopmaths.fr\/\">https:\/\/coopmaths.fr\/<\/a><\/h3>\n<h3 style=\"text-align: center;\">Les exercices en lignes peuvent se renouveler en cliquant sur Nouvelles donn\u00e9es<\/h3>\n<h3 style=\"text-align: center;\">Les sujets en pdf comportent 5 \u00e9nonc\u00e9s diff\u00e9rents suivis des 5 corrections<\/h3>\n<hr \/>\n<h2><strong>1. <a href=\"http:\/\/mathsguyon.fr\/?page_id=8344\">Calculs et priorit\u00e9s avec les nombres relatifs<\/a> <\/strong><\/h2>\n<h2><strong>2. <a href=\"https:\/\/mathsguyon.fr\/?page_id=8338\">Calculs avec les fractions<\/a><\/strong><\/h2>\n<h2><strong>3. Calculer avec des dur\u00e9es : \u00a0<\/strong><\/h2>\n<h2 style=\"text-align: center;\">\u00c9nonc\u00e9s :\u00a0 <a href=\"https:\/\/coopmaths.fr\/mathalea.html?ex=6D101,n=1,i=0&amp;ex=6D10,s=5,n=2,i=1&amp;ex=6D12,s=4,n=2,i=1&amp;ex=6D13,n=1,i=0&amp;serie=FjYL&amp;v=light\">en ligne<\/a> \u00a0\u00a0\u00a0\u00a0&#8211;\u00a0 <a href=\"http:\/\/mathsguyon.fr\/wp-content\/uploads\/2021\/08\/Rituels_dur_es__2_.pdf\">en pdf<\/a><\/h2>\n<hr \/>\n<h1><strong>4. Calculer avec des pourcentages :\u00a0<\/strong><\/h1>\n<h2 style=\"text-align: center;\">\u00c9nonc\u00e9s : <a href=\"https:\/\/coopmaths.fr\/mathalea.html?ex=6N33-1,s=1,n=2,i=0&amp;ex=6N33-3,n=1&amp;ex=5N110,n=2,i=0&amp;serie=Rk54&amp;v=light\">en ligne<\/a> \u00a0\u00a0\u00a0\u00a0&#8211;\u00a0 <a href=\"http:\/\/mathsguyon.fr\/wp-content\/uploads\/2021\/08\/Rituels_de_calculs_pourcentages.pdf\">en pdf\u00a0<\/a> &#8211; <a href=\"https:\/\/mathsguyon.fr\/test\/index.php?l=fr&amp;n=4e&amp;c=Pourcentage\">Rappels de cours<\/a><\/h2>\n<hr \/>\n<h1><strong>5. Calculer des aires, convertir leurs unit\u00e9s :<\/strong><\/h1>\n<h2 style=\"text-align: center;\">\u00c9nonc\u00e9s : <a href=\"https:\/\/coopmaths.fr\/mathalea.html?ex=6M20,cd=0,i=0&amp;ex=6M22,s=2,n=1,i=0&amp;ex=6M23,s=3,s2=false,s3=1,n=5,i=0&amp;serie=bne0&amp;v=light\">en ligne<\/a> \u00a0\u00a0\u00a0\u00a0&#8211;\u00a0 <a href=\"http:\/\/mathsguyon.fr\/wp-content\/uploads\/2021\/09\/Rituels_Aires_conversions__1_1-1.pdf\">en pdf<\/a><\/h2>\n<hr \/>\n<h1><strong>6. Conna\u00eetre et utiliser les puissances de 10 :\u00a0<\/strong><\/h1>\n<h2 style=\"text-align: center;\">\u00c9nonc\u00e9s : <a href=\"https:\/\/coopmaths.fr\/mathalea.html?ex=4C30,s=3,n=3,cd=1,i=1&amp;ex=4C30-2,s=3,n=3,i=1&amp;ex=4C32,s=1,s2=1,n=3,i=0&amp;ex=4C32-1,s=1,s2=2,n=3,i=0&amp;duree=80&amp;serie=Ffwt&amp;v=light\">en ligne<\/a> \u00a0\u00a0\u00a0\u00a0&#8211;\u00a0 <a href=\"http:\/\/mathsguyon.fr\/wp-content\/uploads\/2021\/08\/Rituels_de_calculs_puissances_de_10.pdf\">en pdf<\/a> \u00a0&#8211; <a href=\"http:\/\/mathsguyon.fr\/?page_id=868\">Rappels de cours<\/a><\/h2>\n<hr \/>\n<h1><strong>7. Utiliser le th\u00e9or\u00e8me de Pythagore et sa r\u00e9ciproque :<\/strong><\/h1>\n<h2 style=\"text-align: center;\">\u00c9nonc\u00e9s : en ligne \u00a0\u00a0\u00a0\u00a0&#8211;\u00a0 en pdf<\/h2>\n<hr \/>\n<h1><strong>8. Calculs avec priorit\u00e9s op\u00e9ratoires et puissances :<\/strong><\/h1>\n<h2 style=\"text-align: center;\">\u00c9nonc\u00e9s :\u00a0 <a href=\"https:\/\/coopmaths.fr\/mathalea.html?ex=4C34,n=5,vhttps%3A%2F%2Fyoutu.be%2F0G9xWLl-0zg&amp;v=l\">en ligne<\/a> \u00a0\u00a0\u00a0\u00a0&#8211;\u00a0 <a href=\"http:\/\/mathsguyon.fr\/wp-content\/uploads\/2021\/08\/Rituels_de_calculs_priorit_s_et_puissances__1_.pdf\">en pdf<\/a><\/h2>\n<hr \/>\n<h1><strong>9.Calculer des volumes de solides connus et convertir des unit\u00e9s<br \/>\n<\/strong><\/h1>\n<h2 style=\"text-align: center;\">\u00c9nonc\u00e9s :\u00a0 en ligne \u00a0\u00a0\u00a0\u00a0&#8211;\u00a0 en pdf<\/h2>\n<hr \/>\n<h1><strong>10. Grandeurs compos\u00e9es et proportionnalit\u00e9<br \/>\n<\/strong><\/h1>\n<h2 style=\"text-align: center;\">\u00c9nonc\u00e9 : <a href=\"https:\/\/coopmaths.fr\/mathalea.html?ex=5P11-1,n=3,i=0&amp;ex=4P10,s=14&amp;ex=4P10,s=13&amp;ex=4P10-1,n=1&amp;serie=fgZO&amp;v=light\">en ligne <\/a>\u00a0\u00a0\u00a0&#8211;\u00a0 <a href=\"http:\/\/mathsguyon.fr\/wp-content\/uploads\/2021\/08\/Rituels_de_calculs_grandeurs_compos_es.pdf\">en pdf<\/a><\/h2>\n<hr \/>\n<h1><strong>11. D\u00e9velopper, r\u00e9duire et factoriser une expression litt\u00e9rale simple :<\/strong><\/h1>\n<h2 style=\"text-align: center;\">\u00c9nonc\u00e9s :\u00a0 <a href=\"https:\/\/coopmaths.fr\/mathalea.html?ex=4L10,s=4,s2=true,n=3&amp;ex=4L10-1,s=true,n=4&amp;ex=4L11,s=4,n=3&amp;v=l\">en ligne<\/a> \u00a0\u00a0\u00a0\u00a0&#8211;\u00a0 <a href=\"http:\/\/mathsguyon.fr\/wp-content\/uploads\/2021\/08\/Rituels_de_calculs_d_velopper__r_duire_et_factoriser.pdf\">en pdf<\/a><\/h2>\n<h2 style=\"padding-left: 40px;\"><\/h2>\n","protected":false},"excerpt":{"rendered":"<p>S&rsquo;entra\u00eener : Tous les \u00e9nonc\u00e9s sont corrig\u00e9s. ils sont issus du site https:\/\/coopmaths.fr\/ Les exercices en lignes peuvent se renouveler en cliquant sur Nouvelles donn\u00e9es Les sujets en pdf comportent 5 \u00e9nonc\u00e9s diff\u00e9rents suivis des 5 corrections 1. Calculs et &hellip; <a href=\"https:\/\/mathsguyon.fr\/?page_id=8172\">Continuer la lecture <span class=\"meta-nav\">&rarr;<\/span><\/a><\/p>\n","protected":false},"author":1,"featured_media":0,"parent":0,"menu_order":0,"comment_status":"closed","ping_status":"closed","template":"","meta":{"footnotes":""},"class_list":["post-8172","page","type-page","status-publish","hentry"],"_links":{"self":[{"href":"https:\/\/mathsguyon.fr\/index.php?rest_route=\/wp\/v2\/pages\/8172","targetHints":{"allow":["GET"]}}],"collection":[{"href":"https:\/\/mathsguyon.fr\/index.php?rest_route=\/wp\/v2\/pages"}],"about":[{"href":"https:\/\/mathsguyon.fr\/index.php?rest_route=\/wp\/v2\/types\/page"}],"author":[{"embeddable":true,"href":"https:\/\/mathsguyon.fr\/index.php?rest_route=\/wp\/v2\/users\/1"}],"replies":[{"embeddable":true,"href":"https:\/\/mathsguyon.fr\/index.php?rest_route=%2Fwp%2Fv2%2Fcomments&post=8172"}],"version-history":[{"count":61,"href":"https:\/\/mathsguyon.fr\/index.php?rest_route=\/wp\/v2\/pages\/8172\/revisions"}],"predecessor-version":[{"id":8352,"href":"https:\/\/mathsguyon.fr\/index.php?rest_route=\/wp\/v2\/pages\/8172\/revisions\/8352"}],"wp:attachment":[{"href":"https:\/\/mathsguyon.fr\/index.php?rest_route=%2Fwp%2Fv2%2Fmedia&parent=8172"}],"curies":[{"name":"wp","href":"https:\/\/api.w.org\/{rel}","templated":true}]}}