{"id":806,"date":"2016-05-22T20:57:34","date_gmt":"2016-05-22T19:57:34","guid":{"rendered":"http:\/\/mathsguyon.fr\/?page_id=806"},"modified":"2019-05-29T09:58:26","modified_gmt":"2019-05-29T08:58:26","slug":"factoriser-identites-remarquables","status":"publish","type":"page","link":"https:\/\/mathsguyon.fr\/?page_id=806","title":{"rendered":"Factoriser"},"content":{"rendered":"<h1 style=\"text-align: center;\"><span style=\"color: #ff0000;\"><b>M\u00e9thode de travail :<\/b><\/span><\/h1>\n<h2><b><i>Pour que ces exercices soient utiles, vous devez les travailler avant par \u00e9crit, comme vous le feriez en devoir surveill\u00e9. Sans aide, ni cours.<\/i><\/b><\/h2>\n<h2><b><i>Regardez ensuite la correction pour juger votre travail, trouver vos \u00e9ventuelles erreurs, en essayant de bien les analyser.<\/i><\/b><\/h2>\n<h2><span style=\"color: #ff0000;\"><b>Exercice 1 :<\/b><\/span><\/h2>\n<h2><b>Factoriser :<\/b><\/h2>\n<h2>A =$$16 x^2 + 24 x + 9$$\u00a0\u00a0\u00a0\u00a0 ; \u00a0\u00a0 B = $$81 ^2 &#8211; 36 x + 4$$\u00a0\u00a0 ;<\/h2>\n<h2>C = $$9 &#8211; 6 x + x^2$$\u00a0\u00a0\u00a0 ; \u00a0 D = $$49 x^2 &#8211; 16$$<\/h2>\n<h2>E = $$4 &#8211; 100 x^2$$\u00a0 ;\u00a0 F = $$36 &#8211; x^2$$<\/h2>\n<h2>\u00a0\u00a0\u00a0\u00a0\u00a0\u00a0\u00a0\u00a0<strong> <a href=\"https:\/\/youtube.com\/embed\/30ZqGmr501g\">Correction de A \u00e0 F<\/a><\/strong><\/h2>\n<h2>G = $$9 x^2 &#8211; 30 x + 25$$\u00a0 ; \u00a0 H = $$16 x^2 &#8211; 4$$\u00a0\u00a0\u00a0\u00a0\u00a0\u00a0\u00a0\u00a0\u00a0 <strong><a href=\"http:\/\/www.youtube.com\/watch?v=NRulLchBo30&amp;list=PLD916F1AB71D4F660&amp;index=21&amp;feature=plpp_video\">Correction G et H<\/a><\/strong><\/h2>\n<h2>A = $$9 t^2 + 12 t + 4$$ et B = $$36 &#8211; 49 x^2$$\u00a0\u00a0\u00a0\u00a0\u00a0\u00a0\u00a0\u00a0\u00a0\u00a0 <strong><a href=\"https:\/\/youtube.com\/embed\/zqpPIMUgTkk\">Correction A et B<\/a><\/strong><\/h2>\n<h2><\/h2>\n<h2><span style=\"color: #ff0000;\"><b>Exercice 2 : <\/b>Un peu plus dur :<\/span><\/h2>\n<h2>Factoriser A = $$36-(2x+4)^2$$\u00a0\u00a0\u00a0\u00a0\u00a0\u00a0\u00a0\u00a0 <strong><a href=\"https:\/\/youtube.com\/embed\/C5tueROQSgU\">Correction<\/a><\/strong><\/h2>\n<h2>Factoriser A = $$(2a-1)^2-(3a + 2)^2$$\u00a0\u00a0\u00a0\u00a0\u00a0 <strong><a href=\"https:\/\/youtube.com\/embed\/YFO5jRe3yL0\">Correction<\/a><\/strong><\/h2>\n<h3><\/h3>\n<h2>\u00a0<span style=\"color: #ff0000;\">Exercices Mathenpoche :<\/span><\/h2>\n<h2>Exerce-toi en effectuant les exercices interactifs suivants :<\/h2>\n<ol>\n<li>\n<h2><a href=\"http:\/\/mathenpoche.sesamath.net\/includes\/php\/displaymep.php?mep_id=2904&amp;iframe\">Factoriser une expression litt\u00e9rale en utilisant le carr\u00e9 d&rsquo;une somme<\/a><\/h2>\n<\/li>\n<li>\n<h2><a href=\"http:\/\/mathenpoche.sesamath.net\/includes\/php\/displaymep.php?mep_id=2905&amp;iframe\">Factoriser une expression litt\u00e9rale en utilisant le carr\u00e9 d&rsquo;une diff\u00e9rence<\/a><\/h2>\n<\/li>\n<li>\n<h2><a href=\"http:\/\/mathenpoche.sesamath.net\/includes\/php\/displaymep.php?mep_id=2906&amp;iframe\">Factoriser une expression litt\u00e9rale en utilisant la diff\u00e9rence de deux carr\u00e9s<\/a><\/h2>\n<\/li>\n<li>\n<h2><a href=\"http:\/\/mathenpoche.sesamath.net\/includes\/php\/displaymep.php?mep_id=2907&amp;iframe\">Factoriser une expression litt\u00e9rale en utilisant la diff\u00e9rence de deux carr\u00e9s (plus complexe<\/a><\/h2>\n<\/li>\n<\/ol>\n","protected":false},"excerpt":{"rendered":"<p>M\u00e9thode de travail : Pour que ces exercices soient utiles, vous devez les travailler avant par \u00e9crit, comme vous le feriez en devoir surveill\u00e9. Sans aide, ni cours. Regardez ensuite la correction pour juger votre travail, trouver vos \u00e9ventuelles erreurs, &hellip; <a href=\"https:\/\/mathsguyon.fr\/?page_id=806\">Continuer la lecture <span class=\"meta-nav\">&rarr;<\/span><\/a><\/p>\n","protected":false},"author":1,"featured_media":0,"parent":749,"menu_order":0,"comment_status":"closed","ping_status":"closed","template":"","meta":{"footnotes":""},"class_list":["post-806","page","type-page","status-publish","hentry"],"_links":{"self":[{"href":"https:\/\/mathsguyon.fr\/index.php?rest_route=\/wp\/v2\/pages\/806","targetHints":{"allow":["GET"]}}],"collection":[{"href":"https:\/\/mathsguyon.fr\/index.php?rest_route=\/wp\/v2\/pages"}],"about":[{"href":"https:\/\/mathsguyon.fr\/index.php?rest_route=\/wp\/v2\/types\/page"}],"author":[{"embeddable":true,"href":"https:\/\/mathsguyon.fr\/index.php?rest_route=\/wp\/v2\/users\/1"}],"replies":[{"embeddable":true,"href":"https:\/\/mathsguyon.fr\/index.php?rest_route=%2Fwp%2Fv2%2Fcomments&post=806"}],"version-history":[{"count":19,"href":"https:\/\/mathsguyon.fr\/index.php?rest_route=\/wp\/v2\/pages\/806\/revisions"}],"predecessor-version":[{"id":5795,"href":"https:\/\/mathsguyon.fr\/index.php?rest_route=\/wp\/v2\/pages\/806\/revisions\/5795"}],"up":[{"embeddable":true,"href":"https:\/\/mathsguyon.fr\/index.php?rest_route=\/wp\/v2\/pages\/749"}],"wp:attachment":[{"href":"https:\/\/mathsguyon.fr\/index.php?rest_route=%2Fwp%2Fv2%2Fmedia&parent=806"}],"curies":[{"name":"wp","href":"https:\/\/api.w.org\/{rel}","templated":true}]}}