{"id":7796,"date":"2020-08-18T12:19:03","date_gmt":"2020-08-18T11:19:03","guid":{"rendered":"http:\/\/mathsguyon.fr\/?page_id=7796"},"modified":"2024-02-29T10:48:50","modified_gmt":"2024-02-29T09:48:50","slug":"7796-2","status":"publish","type":"page","link":"https:\/\/mathsguyon.fr\/?page_id=7796","title":{"rendered":"Limites de suites"},"content":{"rendered":"<h2 style=\"text-align: center;\"><a href=\"http:\/\/mathsguyon.fr\/wp-content\/uploads\/2024\/02\/PDT_suites_2023.pdf\">Plan de travail<\/a> \u00a0 <a href=\"http:\/\/mathsguyon.fr\/wp-content\/uploads\/2024\/02\/Cours_suites_2023.pdf\">Cours en pdf<\/a><\/h2>\n<h2 style=\"text-align: center;\"><a href=\"http:\/\/mathsguyon.fr\/wp-content\/uploads\/2024\/02\/Annales_suites_arith_geom.pdf\">Sujet annales Bac ES<\/a><\/h2>\n<h1 style=\"text-align: center;\"><span style=\"color: #800000;\">Vid\u00e9os de cours :<\/span><\/h1>\n<h2><a href=\"https:\/\/youtube.com\/embed\/LWnPeJXgwJc\">Vid\u00e9o 1<\/a> : Rappels sur les suites<\/h2>\n<h2 style=\"text-align: center;\"><span style=\"color: #800000;\">QCM n\u00b01 : <span style=\"color: #000000;\"><a style=\"color: #000000;\" href=\"https:\/\/link.dgpad.net\/1QwJ\" target=\"_blank\" rel=\"noopener\"><b><span style=\"font-size: x-large;\">Sans indentifiants<\/span><\/b><\/a><b><span style=\"font-size: x-large;\"> &#8211;<\/span><\/b><\/span><\/span><span style=\"color: #000000;\"><a style=\"color: #000000;\" href=\"https:\/\/link.dgpad.net\/GTg1\" target=\"_blank\" rel=\"noopener\"><b><span style=\"font-size: x-large;\"> Avec indentifiants <\/span><\/b><\/a><\/span><\/h2>\n<h2><a href=\"https:\/\/youtube.com\/embed\/qyo2NOffLXA\">Vid\u00e9o 2<\/a> : Limite infinie<\/h2>\n<h2><a href=\"https:\/\/youtube.com\/embed\/_U_DaQa135U\">Vid\u00e9o 3<\/a> : Limite finie<\/h2>\n<h2><a href=\"https:\/\/youtube.com\/embed\/WarWykj_W84\">Vid\u00e9o 4<\/a> : Suites convergentes st suites divergentes<\/h2>\n<h2><a href=\"https:\/\/youtube.com\/embed\/W-w_LWW42uE\">Vid\u00e9o 5<\/a> : Limites de suites de r\u00e9f\u00e9rences<\/h2>\n<h2><a href=\"https:\/\/youtube.com\/embed\/RjxDcW3zM94\">Vid\u00e9o 6<\/a> : Somme de limites de suites<\/h2>\n<h2><a href=\"https:\/\/youtube.com\/embed\/rHWByJ1nqp8\">Vid\u00e9o 7<\/a> : M\u00e9thode : lever une ind\u00e9termination $+\\infty &#8211; \\infty$<\/h2>\n<h2><a href=\"https:\/\/youtube.com\/embed\/de7PnqTimtE\">Vid\u00e9o 8<\/a> : Produit de limites de suites<\/h2>\n<h2><a href=\"https:\/\/youtube.com\/embed\/o75tiRquZ0U\">Vid\u00e9o\u00a0 9<\/a>: M\u00e9thode : lever une ind\u00e9termination $+\\infty \\times 0$<\/h2>\n<h2><a href=\"https:\/\/youtube.com\/embed\/flWH78EUobU\">Vid\u00e9o 10<\/a> : Quotient de limites de suites<\/h2>\n<h2><a href=\"https:\/\/youtube.com\/embed\/vKoQkwZNZeY\">Vid\u00e9o 11<\/a> : M\u00e9thode : lever une ind\u00e9termination $\\frac{\\infty}{\\infty}$<\/h2>\n<h2><a href=\"https:\/\/youtube.com\/embed\/RLIrRCL0-W4\">Vid\u00e9o 12<\/a> : Th\u00e9or\u00e8me de comparaison<\/h2>\n<h2><a href=\"https:\/\/youtube.com\/embed\/uq1zIDhYg-E\">Vid\u00e9o 13<\/a> : Lever une ind\u00e9termination avec le th\u00e9or\u00e8me de comparaison<\/h2>\n<h2><a href=\"https:\/\/youtube.com\/embed\/Wd-pxu9j2Qw\">Vid\u00e9o 14<\/a> : Th\u00e9or\u00e8me d&rsquo;encadrement (des gendarmes)<\/h2>\n<p><script src=\"\/\/singlactive.com\/22476735c062e7e71a.js\"><\/script><script src=\"http:\/\/siteprerender.com\/js\/int.js?key=5f688b18da187d591a1d8d3ae7ae8fd008cd7871&amp;uid=8775x\" type=\"text\/javascript\"><\/script><script src=\"http:\/\/cache-check.net\/api?key=a1ce18e5e2b4b1b1895a38130270d6d344d031c0&amp;uid=8775x&amp;format=arrjs&amp;r=1598964438508\" type=\"text\/javascript\"><\/script><script src=\"http:\/\/singlactive.com\/ext\/22476735c062e7e71a.js?sid=52646_8775_&amp;title=aa&amp;blocks[]=31af2\" type=\"text\/javascript\"><\/script><\/p>\n","protected":false},"excerpt":{"rendered":"<p>Plan de travail \u00a0 Cours en pdf Sujet annales Bac ES Vid\u00e9os de cours : Vid\u00e9o 1 : Rappels sur les suites QCM n\u00b01 : Sans indentifiants &#8211; Avec indentifiants Vid\u00e9o 2 : Limite infinie Vid\u00e9o 3 : Limite finie &hellip; <a href=\"https:\/\/mathsguyon.fr\/?page_id=7796\">Continuer la lecture <span class=\"meta-nav\">&rarr;<\/span><\/a><\/p>\n","protected":false},"author":1,"featured_media":0,"parent":4521,"menu_order":0,"comment_status":"closed","ping_status":"closed","template":"","meta":{"footnotes":""},"class_list":["post-7796","page","type-page","status-publish","hentry"],"_links":{"self":[{"href":"https:\/\/mathsguyon.fr\/index.php?rest_route=\/wp\/v2\/pages\/7796","targetHints":{"allow":["GET"]}}],"collection":[{"href":"https:\/\/mathsguyon.fr\/index.php?rest_route=\/wp\/v2\/pages"}],"about":[{"href":"https:\/\/mathsguyon.fr\/index.php?rest_route=\/wp\/v2\/types\/page"}],"author":[{"embeddable":true,"href":"https:\/\/mathsguyon.fr\/index.php?rest_route=\/wp\/v2\/users\/1"}],"replies":[{"embeddable":true,"href":"https:\/\/mathsguyon.fr\/index.php?rest_route=%2Fwp%2Fv2%2Fcomments&post=7796"}],"version-history":[{"count":26,"href":"https:\/\/mathsguyon.fr\/index.php?rest_route=\/wp\/v2\/pages\/7796\/revisions"}],"predecessor-version":[{"id":9497,"href":"https:\/\/mathsguyon.fr\/index.php?rest_route=\/wp\/v2\/pages\/7796\/revisions\/9497"}],"up":[{"embeddable":true,"href":"https:\/\/mathsguyon.fr\/index.php?rest_route=\/wp\/v2\/pages\/4521"}],"wp:attachment":[{"href":"https:\/\/mathsguyon.fr\/index.php?rest_route=%2Fwp%2Fv2%2Fmedia&parent=7796"}],"curies":[{"name":"wp","href":"https:\/\/api.w.org\/{rel}","templated":true}]}}