{"id":7526,"date":"2020-05-09T16:11:46","date_gmt":"2020-05-09T15:11:46","guid":{"rendered":"http:\/\/mathsguyon.fr\/?page_id=7526"},"modified":"2020-05-09T16:22:15","modified_gmt":"2020-05-09T15:22:15","slug":"suites-arithmetiques-correction-exo-7-3","status":"publish","type":"page","link":"https:\/\/mathsguyon.fr\/?page_id=7526","title":{"rendered":"Suites arithm\u00e9tiques correction exo 7.3"},"content":{"rendered":"<p>Notons \\((u_{n})\\) la suite correspondant au nombre de coups d&rsquo;horloge, de \\(u_{1}=1\\), \u00e0 1 heure du matin, \u00e0 \\(u_{24}=24\\), \u00e0 minuit.<br \/>\nLe nombre de sons de cloche entendus en 24 heures est \u00e9gal \u00e0 la somme \\(u_{1}+u_{2}+\\ldots u_{24}\\) des 24 premiers termes de cette suite arithm\u00e9tique de raison 1 de premier terme \\(u_1=1\\).<\/p>\n<p>Celle somme vaut d&rsquo;apr\u00e8s le cours :<\/p>\n<p>La somme de termes cons\u00e9cutifs d&rsquo;une suite arithm\u00e9tique est \u00e9gale \u00e0 :\\[\\text{nombre de termes }\\:\\times \\frac{\\text{premier terme}\\:+\\:\\text{dernier terme}}{2}\\]<\/p>\n<p>d&rsquo;o\u00f9 \\[S = 24\\times \\dfrac{1+24}{2}=300\\]<br \/>\nRemarque:<br \/>\nOn pouvait appliquer la formule \\(1+2+\\ldots n=\\dfrac{n(n+1)}{2},\\) den rempla\u00e7ant \\(n\\) par 24<\/p>\n<h2 style=\"text-align: center;\"><a href=\"http:\/\/mathsguyon.fr\/?page_id=7230\">Retour page suites arithm\u00e9tiques<\/a><\/h2>\n","protected":false},"excerpt":{"rendered":"<p>Notons \\((u_{n})\\) la suite correspondant au nombre de coups d&rsquo;horloge, de \\(u_{1}=1\\), \u00e0 1 heure du matin, \u00e0 \\(u_{24}=24\\), \u00e0 minuit. Le nombre de sons de cloche entendus en 24 heures est \u00e9gal \u00e0 la somme \\(u_{1}+u_{2}+\\ldots u_{24}\\) des 24 &hellip; <a href=\"https:\/\/mathsguyon.fr\/?page_id=7526\">Continuer la lecture <span class=\"meta-nav\">&rarr;<\/span><\/a><\/p>\n","protected":false},"author":1,"featured_media":0,"parent":0,"menu_order":0,"comment_status":"closed","ping_status":"closed","template":"","meta":{"footnotes":""},"class_list":["post-7526","page","type-page","status-publish","hentry"],"_links":{"self":[{"href":"https:\/\/mathsguyon.fr\/index.php?rest_route=\/wp\/v2\/pages\/7526","targetHints":{"allow":["GET"]}}],"collection":[{"href":"https:\/\/mathsguyon.fr\/index.php?rest_route=\/wp\/v2\/pages"}],"about":[{"href":"https:\/\/mathsguyon.fr\/index.php?rest_route=\/wp\/v2\/types\/page"}],"author":[{"embeddable":true,"href":"https:\/\/mathsguyon.fr\/index.php?rest_route=\/wp\/v2\/users\/1"}],"replies":[{"embeddable":true,"href":"https:\/\/mathsguyon.fr\/index.php?rest_route=%2Fwp%2Fv2%2Fcomments&post=7526"}],"version-history":[{"count":5,"href":"https:\/\/mathsguyon.fr\/index.php?rest_route=\/wp\/v2\/pages\/7526\/revisions"}],"predecessor-version":[{"id":7531,"href":"https:\/\/mathsguyon.fr\/index.php?rest_route=\/wp\/v2\/pages\/7526\/revisions\/7531"}],"wp:attachment":[{"href":"https:\/\/mathsguyon.fr\/index.php?rest_route=%2Fwp%2Fv2%2Fmedia&parent=7526"}],"curies":[{"name":"wp","href":"https:\/\/api.w.org\/{rel}","templated":true}]}}