{"id":7459,"date":"2020-05-09T11:49:31","date_gmt":"2020-05-09T10:49:31","guid":{"rendered":"http:\/\/mathsguyon.fr\/?page_id=7459"},"modified":"2023-01-29T18:54:20","modified_gmt":"2023-01-29T17:54:20","slug":"suites-arithmetiques-correction-exo-5","status":"publish","type":"page","link":"https:\/\/mathsguyon.fr\/?page_id=7459","title":{"rendered":"Suites arithm\u00e9tiques correction"},"content":{"rendered":"<p>\\((u_n\\)) est une suite d\u00e9finie par r\u00e9currence sur le sch\u00e9ma : \\(u_{n+1} = u_n+r\\).<\/p>\n<p>On reconna\u00eet une suite arithm\u00e9tique de <strong>raison \\(r=-5&lt;0\\),\u00a0 n\u00e9gative.<br \/>\n<\/strong><\/p>\n<p>Donc, la suite \\((u_n\\))\u00a0 est donc d\u00e9croissante d&rsquo;apr\u00e8s le r\u00e9sultat de cours.<\/p>\n<h2 style=\"text-align: center;\"><a href=\"http:\/\/mathsguyon.fr\/?page_id=7230\">Retour page suites arithm\u00e9tiques<\/a><\/h2>\n","protected":false},"excerpt":{"rendered":"<p>\\((u_n\\)) est une suite d\u00e9finie par r\u00e9currence sur le sch\u00e9ma : \\(u_{n+1} = u_n+r\\). On reconna\u00eet une suite arithm\u00e9tique de raison \\(r=-5&lt;0\\),\u00a0 n\u00e9gative. Donc, la suite \\((u_n\\))\u00a0 est donc d\u00e9croissante d&rsquo;apr\u00e8s le r\u00e9sultat de cours. Retour page suites arithm\u00e9tiques<\/p>\n","protected":false},"author":1,"featured_media":0,"parent":0,"menu_order":0,"comment_status":"closed","ping_status":"closed","template":"","meta":{"footnotes":""},"class_list":["post-7459","page","type-page","status-publish","hentry"],"_links":{"self":[{"href":"https:\/\/mathsguyon.fr\/index.php?rest_route=\/wp\/v2\/pages\/7459","targetHints":{"allow":["GET"]}}],"collection":[{"href":"https:\/\/mathsguyon.fr\/index.php?rest_route=\/wp\/v2\/pages"}],"about":[{"href":"https:\/\/mathsguyon.fr\/index.php?rest_route=\/wp\/v2\/types\/page"}],"author":[{"embeddable":true,"href":"https:\/\/mathsguyon.fr\/index.php?rest_route=\/wp\/v2\/users\/1"}],"replies":[{"embeddable":true,"href":"https:\/\/mathsguyon.fr\/index.php?rest_route=%2Fwp%2Fv2%2Fcomments&post=7459"}],"version-history":[{"count":3,"href":"https:\/\/mathsguyon.fr\/index.php?rest_route=\/wp\/v2\/pages\/7459\/revisions"}],"predecessor-version":[{"id":9026,"href":"https:\/\/mathsguyon.fr\/index.php?rest_route=\/wp\/v2\/pages\/7459\/revisions\/9026"}],"wp:attachment":[{"href":"https:\/\/mathsguyon.fr\/index.php?rest_route=%2Fwp%2Fv2%2Fmedia&parent=7459"}],"curies":[{"name":"wp","href":"https:\/\/api.w.org\/{rel}","templated":true}]}}