{"id":7449,"date":"2020-05-09T11:37:52","date_gmt":"2020-05-09T10:37:52","guid":{"rendered":"http:\/\/mathsguyon.fr\/?page_id=7449"},"modified":"2020-05-09T11:50:29","modified_gmt":"2020-05-09T10:50:29","slug":"suite-arithmetiques-correction-exo-4","status":"publish","type":"page","link":"https:\/\/mathsguyon.fr\/?page_id=7449","title":{"rendered":"Suite arithm\u00e9tiques correction exo 4"},"content":{"rendered":"<p>\\((u_n\\)) est une suite d\u00e9finie par r\u00e9currence sur le sch\u00e9ma : \\(u_{n+1} = u_n+r\\).<\/p>\n<p>On reconna\u00eet une suite arithm\u00e9tique de <strong>raison \\(r=2\\),\u00a0 positive.<br \/>\n<\/strong><\/p>\n<p>Donc, la suite \\((u_n\\))\u00a0 est donc croissante d&rsquo;apr\u00e8s le r\u00e9sultat de cours.<\/p>\n<h2 style=\"text-align: center;\"><a href=\"http:\/\/mathsguyon.fr\/?page_id=7230\">Retour page suites arithm\u00e9tiques<\/a><\/h2>\n","protected":false},"excerpt":{"rendered":"<p>\\((u_n\\)) est une suite d\u00e9finie par r\u00e9currence sur le sch\u00e9ma : \\(u_{n+1} = u_n+r\\). On reconna\u00eet une suite arithm\u00e9tique de raison \\(r=2\\),\u00a0 positive. Donc, la suite \\((u_n\\))\u00a0 est donc croissante d&rsquo;apr\u00e8s le r\u00e9sultat de cours. Retour page suites arithm\u00e9tiques<\/p>\n","protected":false},"author":1,"featured_media":0,"parent":0,"menu_order":0,"comment_status":"closed","ping_status":"closed","template":"","meta":{"footnotes":""},"class_list":["post-7449","page","type-page","status-publish","hentry"],"_links":{"self":[{"href":"https:\/\/mathsguyon.fr\/index.php?rest_route=\/wp\/v2\/pages\/7449","targetHints":{"allow":["GET"]}}],"collection":[{"href":"https:\/\/mathsguyon.fr\/index.php?rest_route=\/wp\/v2\/pages"}],"about":[{"href":"https:\/\/mathsguyon.fr\/index.php?rest_route=\/wp\/v2\/types\/page"}],"author":[{"embeddable":true,"href":"https:\/\/mathsguyon.fr\/index.php?rest_route=\/wp\/v2\/users\/1"}],"replies":[{"embeddable":true,"href":"https:\/\/mathsguyon.fr\/index.php?rest_route=%2Fwp%2Fv2%2Fcomments&post=7449"}],"version-history":[{"count":5,"href":"https:\/\/mathsguyon.fr\/index.php?rest_route=\/wp\/v2\/pages\/7449\/revisions"}],"predecessor-version":[{"id":7462,"href":"https:\/\/mathsguyon.fr\/index.php?rest_route=\/wp\/v2\/pages\/7449\/revisions\/7462"}],"wp:attachment":[{"href":"https:\/\/mathsguyon.fr\/index.php?rest_route=%2Fwp%2Fv2%2Fmedia&parent=7449"}],"curies":[{"name":"wp","href":"https:\/\/api.w.org\/{rel}","templated":true}]}}