{"id":6752,"date":"2020-02-04T20:41:17","date_gmt":"2020-02-04T19:41:17","guid":{"rendered":"http:\/\/mathsguyon.fr\/?page_id=6752"},"modified":"2020-02-05T19:24:41","modified_gmt":"2020-02-05T18:24:41","slug":"ce-quil-faut-savoir-en-trigonometrie","status":"publish","type":"page","link":"https:\/\/mathsguyon.fr\/?page_id=6752","title":{"rendered":"Ce qu&rsquo;il faut savoir en trigonom\u00e9trie"},"content":{"rendered":"<h2><span style=\"color: #800000;\"><strong>Se rep\u00e9rer sur cercle trigonom\u00e9trique :<\/strong><\/span><\/h2>\n<h2><a href=\"https:\/\/youtube.com\/embed\/NiMeh6bVss4\"><img loading=\"lazy\" decoding=\"async\" class=\"wp-image-6747 aligncenter\" src=\"http:\/\/mathsguyon.fr\/wp-content\/uploads\/2020\/02\/penta1.png\" alt=\"\" width=\"534\" height=\"263\" srcset=\"https:\/\/mathsguyon.fr\/wp-content\/uploads\/2020\/02\/penta1.png 1210w, https:\/\/mathsguyon.fr\/wp-content\/uploads\/2020\/02\/penta1-300x148.png 300w, https:\/\/mathsguyon.fr\/wp-content\/uploads\/2020\/02\/penta1-1024x504.png 1024w, https:\/\/mathsguyon.fr\/wp-content\/uploads\/2020\/02\/penta1-768x378.png 768w\" sizes=\"auto, (max-width: 534px) 100vw, 534px\" \/><\/a><a href=\"https:\/\/youtube.com\/embed\/NiMeh6bVss4\">Correction en vid\u00e9o<\/a><\/h2>\n<h2><span style=\"color: #800000;\"><strong>D\u00e9terminer une mesure principale :<\/strong><\/span><\/h2>\n<p><img loading=\"lazy\" decoding=\"async\" class=\"alignnone wp-image-6755\" src=\"http:\/\/mathsguyon.fr\/wp-content\/uploads\/2020\/02\/mesprin-1.png\" alt=\"\" width=\"703\" height=\"105\" srcset=\"https:\/\/mathsguyon.fr\/wp-content\/uploads\/2020\/02\/mesprin-1.png 1235w, https:\/\/mathsguyon.fr\/wp-content\/uploads\/2020\/02\/mesprin-1-300x45.png 300w, https:\/\/mathsguyon.fr\/wp-content\/uploads\/2020\/02\/mesprin-1-1024x153.png 1024w, https:\/\/mathsguyon.fr\/wp-content\/uploads\/2020\/02\/mesprin-1-768x114.png 768w\" sizes=\"auto, (max-width: 703px) 100vw, 703px\" \/><\/p>\n<h2><a href=\"https:\/\/youtube.com\/embed\/gTkKntSu6jI\">Correction en vid\u00e9o<\/a><\/h2>\n<h2><strong><span style=\"color: #800000;\">Valeurs remarquables dans cercle trigonom\u00e9trique<\/span><\/strong><\/h2>\n<h2><img loading=\"lazy\" decoding=\"async\" class=\"wp-image-6757 alignnone\" src=\"http:\/\/mathsguyon.fr\/wp-content\/uploads\/2020\/02\/exo3trigo.png\" alt=\"\" width=\"632\" height=\"211\" srcset=\"https:\/\/mathsguyon.fr\/wp-content\/uploads\/2020\/02\/exo3trigo.png 1442w, https:\/\/mathsguyon.fr\/wp-content\/uploads\/2020\/02\/exo3trigo-300x100.png 300w, https:\/\/mathsguyon.fr\/wp-content\/uploads\/2020\/02\/exo3trigo-1024x342.png 1024w, https:\/\/mathsguyon.fr\/wp-content\/uploads\/2020\/02\/exo3trigo-768x257.png 768w\" sizes=\"auto, (max-width: 632px) 100vw, 632px\" \/><a href=\"https:\/\/youtube.com\/embed\/edf3LVMAfVI\">Correction en vid\u00e9o<\/a><\/h2>\n<p>&nbsp;<\/p>\n<h2><span style=\"color: #800000;\"><strong>D\u00e9terminer la valeur d&rsquo;un sinus \u00e0 partir d&rsquo;un cosinus et inversement :<\/strong><\/span><\/h2>\n<h2><strong><img loading=\"lazy\" decoding=\"async\" class=\"alignnone wp-image-6761\" src=\"http:\/\/mathsguyon.fr\/wp-content\/uploads\/2020\/02\/sin-et-cos.png\" alt=\"\" width=\"528\" height=\"117\" srcset=\"https:\/\/mathsguyon.fr\/wp-content\/uploads\/2020\/02\/sin-et-cos.png 726w, https:\/\/mathsguyon.fr\/wp-content\/uploads\/2020\/02\/sin-et-cos-300x67.png 300w\" sizes=\"auto, (max-width: 528px) 100vw, 528px\" \/><a href=\"https:\/\/youtube.com\/embed\/qy724JFrDk8\">Correction en vid\u00e9o<\/a><\/strong><\/h2>\n<h2><span style=\"color: #800000;\"><strong>Conna\u00eetre les cosinus et sinus des angles associ\u00e9s :<\/strong><\/span><\/h2>\n<h2><img loading=\"lazy\" decoding=\"async\" class=\"alignnone wp-image-6763\" src=\"http:\/\/mathsguyon.fr\/wp-content\/uploads\/2020\/02\/sin-et-cos-rq.png\" alt=\"\" width=\"673\" height=\"105\" srcset=\"https:\/\/mathsguyon.fr\/wp-content\/uploads\/2020\/02\/sin-et-cos-rq.png 1202w, https:\/\/mathsguyon.fr\/wp-content\/uploads\/2020\/02\/sin-et-cos-rq-300x47.png 300w, https:\/\/mathsguyon.fr\/wp-content\/uploads\/2020\/02\/sin-et-cos-rq-1024x159.png 1024w, https:\/\/mathsguyon.fr\/wp-content\/uploads\/2020\/02\/sin-et-cos-rq-768x119.png 768w\" sizes=\"auto, (max-width: 673px) 100vw, 673px\" \/>Correction en vid\u00e9o<\/h2>\n<h2><img loading=\"lazy\" decoding=\"async\" class=\"alignnone wp-image-6762\" src=\"http:\/\/mathsguyon.fr\/wp-content\/uploads\/2020\/02\/sin-et-cos-asso.png\" alt=\"\" width=\"417\" height=\"103\" srcset=\"https:\/\/mathsguyon.fr\/wp-content\/uploads\/2020\/02\/sin-et-cos-asso.png 720w, https:\/\/mathsguyon.fr\/wp-content\/uploads\/2020\/02\/sin-et-cos-asso-300x74.png 300w\" sizes=\"auto, (max-width: 417px) 100vw, 417px\" \/> Correction en vid\u00e9o<\/h2>\n<h2><span style=\"color: #800000;\"><strong>R\u00e9soudre des \u00e9quations avec cosinus et sinus :<\/strong><\/span><\/h2>\n<p><img loading=\"lazy\" decoding=\"async\" class=\"alignnone wp-image-6769\" src=\"http:\/\/mathsguyon.fr\/wp-content\/uploads\/2020\/02\/r\u00e9soyudre.png\" alt=\"\" width=\"624\" height=\"38\" srcset=\"https:\/\/mathsguyon.fr\/wp-content\/uploads\/2020\/02\/r\u00e9soyudre.png 837w, https:\/\/mathsguyon.fr\/wp-content\/uploads\/2020\/02\/r\u00e9soyudre-300x18.png 300w, https:\/\/mathsguyon.fr\/wp-content\/uploads\/2020\/02\/r\u00e9soyudre-768x47.png 768w\" sizes=\"auto, (max-width: 624px) 100vw, 624px\" \/><\/p>\n<p><img loading=\"lazy\" decoding=\"async\" class=\"wp-image-6768 alignleft\" src=\"http:\/\/mathsguyon.fr\/wp-content\/uploads\/2020\/02\/cosx.png\" alt=\"\" width=\"121\" height=\"68\" \/> <img loading=\"lazy\" decoding=\"async\" class=\"wp-image-6767 alignleft\" src=\"http:\/\/mathsguyon.fr\/wp-content\/uploads\/2020\/02\/sinx.png\" alt=\"\" width=\"177\" height=\"53\" \/><\/p>\n<h2><\/h2>\n<h2><a href=\"https:\/\/youtube.com\/embed\/pp2LbOyLgcw\">Correction en vid\u00e9o\u00a0<\/a><\/h2>\n<h2><span style=\"color: #800000;\"><strong>Parit\u00e9 et p\u00e9riodicit\u00e9 des fonctions cosinus et sinus :<\/strong><\/span><\/h2>\n<p><img loading=\"lazy\" decoding=\"async\" class=\"alignnone wp-image-6765\" src=\"http:\/\/mathsguyon.fr\/wp-content\/uploads\/2020\/02\/fct-sin.png\" alt=\"\" width=\"819\" height=\"164\" srcset=\"https:\/\/mathsguyon.fr\/wp-content\/uploads\/2020\/02\/fct-sin.png 1201w, https:\/\/mathsguyon.fr\/wp-content\/uploads\/2020\/02\/fct-sin-300x60.png 300w, https:\/\/mathsguyon.fr\/wp-content\/uploads\/2020\/02\/fct-sin-1024x205.png 1024w, https:\/\/mathsguyon.fr\/wp-content\/uploads\/2020\/02\/fct-sin-768x154.png 768w\" sizes=\"auto, (max-width: 819px) 100vw, 819px\" \/><\/p>\n<h2><a href=\"https:\/\/youtube.com\/embed\/7feqP_PdwPE\">Correction en vid\u00e9o<\/a><\/h2>\n<p><img loading=\"lazy\" decoding=\"async\" class=\"alignnone wp-image-6766\" src=\"http:\/\/mathsguyon.fr\/wp-content\/uploads\/2020\/02\/fct-cos.png\" alt=\"\" width=\"447\" height=\"168\" srcset=\"https:\/\/mathsguyon.fr\/wp-content\/uploads\/2020\/02\/fct-cos.png 683w, https:\/\/mathsguyon.fr\/wp-content\/uploads\/2020\/02\/fct-cos-300x113.png 300w\" sizes=\"auto, (max-width: 447px) 100vw, 447px\" \/><\/p>\n<h2>Correction en vid\u00e9o<\/h2>\n","protected":false},"excerpt":{"rendered":"<p>Se rep\u00e9rer sur cercle trigonom\u00e9trique : Correction en vid\u00e9o D\u00e9terminer une mesure principale : Correction en vid\u00e9o Valeurs remarquables dans cercle trigonom\u00e9trique Correction en vid\u00e9o &nbsp; D\u00e9terminer la valeur d&rsquo;un sinus \u00e0 partir d&rsquo;un cosinus et inversement : Correction en &hellip; <a href=\"https:\/\/mathsguyon.fr\/?page_id=6752\">Continuer la lecture <span class=\"meta-nav\">&rarr;<\/span><\/a><\/p>\n","protected":false},"author":1,"featured_media":0,"parent":0,"menu_order":0,"comment_status":"closed","ping_status":"closed","template":"","meta":{"footnotes":""},"class_list":["post-6752","page","type-page","status-publish","hentry"],"_links":{"self":[{"href":"https:\/\/mathsguyon.fr\/index.php?rest_route=\/wp\/v2\/pages\/6752","targetHints":{"allow":["GET"]}}],"collection":[{"href":"https:\/\/mathsguyon.fr\/index.php?rest_route=\/wp\/v2\/pages"}],"about":[{"href":"https:\/\/mathsguyon.fr\/index.php?rest_route=\/wp\/v2\/types\/page"}],"author":[{"embeddable":true,"href":"https:\/\/mathsguyon.fr\/index.php?rest_route=\/wp\/v2\/users\/1"}],"replies":[{"embeddable":true,"href":"https:\/\/mathsguyon.fr\/index.php?rest_route=%2Fwp%2Fv2%2Fcomments&post=6752"}],"version-history":[{"count":14,"href":"https:\/\/mathsguyon.fr\/index.php?rest_route=\/wp\/v2\/pages\/6752\/revisions"}],"predecessor-version":[{"id":6779,"href":"https:\/\/mathsguyon.fr\/index.php?rest_route=\/wp\/v2\/pages\/6752\/revisions\/6779"}],"wp:attachment":[{"href":"https:\/\/mathsguyon.fr\/index.php?rest_route=%2Fwp%2Fv2%2Fmedia&parent=6752"}],"curies":[{"name":"wp","href":"https:\/\/api.w.org\/{rel}","templated":true}]}}