{"id":4652,"date":"2018-09-19T15:46:36","date_gmt":"2018-09-19T14:46:36","guid":{"rendered":"http:\/\/mathsguyon.fr\/?page_id=4652"},"modified":"2018-10-15T20:30:28","modified_gmt":"2018-10-15T19:30:28","slug":"les-suites","status":"publish","type":"page","link":"https:\/\/mathsguyon.fr\/?page_id=4652","title":{"rendered":"Les suites"},"content":{"rendered":"<h2 style=\"text-align: center;\"><a href=\"http:\/\/mathsguyon.fr\/wp-content\/uploads\/2018\/10\/Suites_TESL_trou_ok.pdf\"><strong>Le cours \u00e0_trou<\/strong><\/a><strong>\u00a0\u00a0 <a href=\"http:\/\/mathsguyon.fr\/wp-content\/uploads\/2018\/10\/Suites_TESL_OK-1.pdf\">Le cours compl\u00e9t\u00e9 <\/a>\u00a0\u00a0\u00a0\u00a0<a href=\"http:\/\/mathsguyon.fr\/wp-content\/uploads\/2018\/09\/PDT_suites_TES.pdf\">Le Plan d<\/a><a href=\"http:\/\/mathsguyon.fr\/wp-content\/uploads\/2018\/09\/PDT_suites_TES.pdf\">e Travail<\/a><\/strong><\/h2>\n<h2>Annales Pondich\u00e9ry et Liban 2018 : <a href=\"http:\/\/mathsguyon.fr\/wp-content\/uploads\/2018\/10\/Annales-pondichery2018.pdf\">Sujet<\/a> &#8211; <a href=\"http:\/\/mathsguyon.fr\/wp-content\/uploads\/2018\/10\/Corrige_ES_Pondichery_liban.pdf\">Correction<\/a><\/h2>\n<p>&nbsp;<\/p>\n<h1 style=\"text-align: center;\"><span style=\"color: #800000;\">Vid\u00e9os de cours :<\/span><\/h1>\n<h2><\/h2>\n<h2>Vid\u00e9o 1 : <a href=\"https:\/\/youtube.com\/embed\/LWnPeJXgwJc\">G\u00e9n\u00e9ralit\u00e9s sur les suites (rappels 1\u00e8re)<\/a><\/h2>\n<h2>Vid\u00e9o 2 :<a href=\"https:\/\/youtube.com\/embed\/Ggn3abPuvFw\"> Suites Arithm\u00e9tiques (rappels 1\u00e8re)<\/a><\/h2>\n<h2>Vid\u00e9o 3 : <a href=\"https:\/\/youtube.com\/embed\/lMC1n6SMPs8\">Suites G\u00e9om\u00e9triques (rappels 1\u00e8re)<\/a>\u00a0\u00a0\u00a0\u00a0 \u00a0\u00a0 \u00a0\u00a0\u00a0\u00a0\u00a0\u00a0\u00a0\u00a0\u00a0<span style=\"color: #0000ff;\">\u00a0 <a style=\"color: #0000ff;\" href=\"https:\/\/goo.gl\/forms\/85Cs644e94CdOy452\">QCM n\u00b01<\/a><\/span><\/h2>\n<h2>Vid\u00e9o 4 : <a href=\"https:\/\/youtube.com\/embed\/JInUkqGW5Cg\">Variations d&rsquo;une suite $$q^{n}$$ puissance $$n$$<\/a><\/h2>\n<h2>Vid\u00e9o 5 : <a href=\"https:\/\/youtube.com\/embed\/tC13lfge530\">Variations d&rsquo;une suite g\u00e9om\u00e9trique\u00a0<\/a>\u00a0\u00a0\u00a0\u00a0 \u00a0\u00a0 \u00a0\u00a0\u00a0\u00a0<span style=\"color: #0000ff;\">\u00a0\u00a0 <\/span><span style=\"color: #000000;\"><span style=\"color: #0000ff;\"><a style=\"color: #0000ff;\" href=\"https:\/\/goo.gl\/forms\/S1M3OBKGngXCqRw53\">QCM n\u00b02<\/a> \u00a0\u00a0\u00a0\u00a0\u00a0\u00a0\u00a0<\/span>\u00a0\u00a0\u00a0\u00a0\u00a0\u00a0<span style=\"color: #0000ff;\"> <a style=\"color: #0000ff;\" href=\"https:\/\/goo.gl\/forms\/vNOBjON0CbD9slMo1\">QCM n\u00b03<\/a><\/span><\/span><\/h2>\n<h2>Vid\u00e9o 6 : <a href=\"https:\/\/youtu.be\/akLVS5XT_Lg\">Limite d&rsquo;une suite g\u00e9om\u00e9trique<\/a>\u00a0\u00a0\u00a0\u00a0\u00a0\u00a0\u00a0\u00a0\u00a0\u00a0\u00a0\u00a0\u00a0\u00a0\u00a0\u00a0<span style=\"color: #000000;\">\u00a0<span style=\"color: #0000ff;\"><a style=\"color: #0000ff;\" href=\"https:\/\/goo.gl\/forms\/unarQf0WgArmSYEP2\">QCM n\u00b04<\/a><\/span><\/span><\/h2>\n<h2>Vid\u00e9o 7 : <a href=\"https:\/\/youtu.be\/5eMfm8PrDSA\">Algorithme de seuil<\/a>\u00a0\u00a0\u00a0\u00a0\u00a0\u00a0\u00a0\u00a0\u00a0\u00a0\u00a0\u00a0\u00a0\u00a0\u00a0\u00a0\u00a0\u00a0<span style=\"color: #0000ff;\">\u00a0\u00a0<a style=\"color: #0000ff;\" href=\"https:\/\/docs.google.com\/forms\/d\/e\/1FAIpQLSeQXXcUasqy5nvim94zYm8NBFfJomPEXJgFklAhsoIpsTbPJQ\/viewform?usp=sf_link\">QCM n\u00b05<\/a><\/span><\/h2>\n<h2>Vid\u00e9o 8 : <a href=\"https:\/\/youtube.com\/embed\/Cl2gd1oywFc\">Introduction \u00e0 la somme de termes d&rsquo;une suite g\u00e9om\u00e9trique<\/a><\/h2>\n<h2>Vid\u00e9o 8bis : <a href=\"https:\/\/youtube.com\/embed\/qTe8Qh321Xg\">Somme de puissances cons\u00e9cutives<\/a> \u00a0\u00a0\u00a0\u00a0\u00a0\u00a0\u00a0\u00a0\u00a0\u00a0\u00a0\u00a0\u00a0\u00a0\u00a0<span style=\"color: #000000;\">\u00a0\u00a0\u00a0 <a style=\"color: #000000;\" href=\"https:\/\/goo.gl\/forms\/ePobiXGHjy6q0Lvs2\"><span style=\"color: #0000ff;\">QCM n\u00b06<\/span><\/a><\/span><\/h2>\n<h2>Vid\u00e9o 9 :<a href=\"https:\/\/youtube.com\/embed\/kORQ7ZLw9CU\"> Somme de termes cons\u00e9cutifs d\u2019une suite g\u00e9om\u00e9trique<\/a>\u00a0\u00a0\u00a0\u00a0\u00a0\u00a0\u00a0\u00a0\u00a0\u00a0\u00a0\u00a0\u00a0\u00a0\u00a0\u00a0\u00a0<span style=\"color: #0000ff;\">\u00a0<a style=\"color: #0000ff;\" href=\"https:\/\/goo.gl\/forms\/oIiIbAOoNYRNxcKR2\">QCM n\u00b07<\/a><\/span><\/h2>\n<h2>Vid\u00e9o 10 : <a href=\"https:\/\/youtube.com\/embed\/G5XEz1HzJ7U\">Suite arithm\u00e9tico-g\u00e9om\u00e9trique : d\u00e9finition<\/a>\u00a0\u00a0\u00a0\u00a0\u00a0\u00a0\u00a0\u00a0\u00a0\u00a0\u00a0\u00a0\u00a0\u00a0\u00a0\u00a0\u00a0<span style=\"color: #0000ff;\">\u00a0\u00a0\u00a0<a style=\"color: #0000ff;\" href=\"https:\/\/goo.gl\/forms\/xpnSIN6ZH4BaBO7C2\">QCM n\u00b08<\/a><\/span><\/h2>\n<h2>Vid\u00e9o 11 : <a href=\"https:\/\/youtube.com\/embed\/zl_ShbdoA_Y\">Suite arithm\u00e9tico-g\u00e9om\u00e9trique : Propri\u00e9t\u00e9s graphiques<\/a><\/h2>\n<h2>Vid\u00e9o 12 : <a href=\"https:\/\/youtube.com\/embed\/bE0vPImkbdk\">Forme explicite d&rsquo;une suite arithm\u00e9tico-g\u00e9om\u00e9trique<\/a><\/h2>\n<p>&nbsp;<\/p>\n<p>&nbsp;<\/p>\n","protected":false},"excerpt":{"rendered":"<p>Le cours \u00e0_trou\u00a0\u00a0 Le cours compl\u00e9t\u00e9 \u00a0\u00a0\u00a0\u00a0Le Plan de Travail Annales Pondich\u00e9ry et Liban 2018 : Sujet &#8211; Correction &nbsp; Vid\u00e9os de cours : Vid\u00e9o 1 : G\u00e9n\u00e9ralit\u00e9s sur les suites (rappels 1\u00e8re) Vid\u00e9o 2 : Suites Arithm\u00e9tiques (rappels 1\u00e8re) &hellip; <a href=\"https:\/\/mathsguyon.fr\/?page_id=4652\">Continuer la lecture <span class=\"meta-nav\">&rarr;<\/span><\/a><\/p>\n","protected":false},"author":1,"featured_media":0,"parent":4521,"menu_order":0,"comment_status":"closed","ping_status":"closed","template":"","meta":{"footnotes":""},"class_list":["post-4652","page","type-page","status-publish","hentry"],"_links":{"self":[{"href":"https:\/\/mathsguyon.fr\/index.php?rest_route=\/wp\/v2\/pages\/4652","targetHints":{"allow":["GET"]}}],"collection":[{"href":"https:\/\/mathsguyon.fr\/index.php?rest_route=\/wp\/v2\/pages"}],"about":[{"href":"https:\/\/mathsguyon.fr\/index.php?rest_route=\/wp\/v2\/types\/page"}],"author":[{"embeddable":true,"href":"https:\/\/mathsguyon.fr\/index.php?rest_route=\/wp\/v2\/users\/1"}],"replies":[{"embeddable":true,"href":"https:\/\/mathsguyon.fr\/index.php?rest_route=%2Fwp%2Fv2%2Fcomments&post=4652"}],"version-history":[{"count":31,"href":"https:\/\/mathsguyon.fr\/index.php?rest_route=\/wp\/v2\/pages\/4652\/revisions"}],"predecessor-version":[{"id":4679,"href":"https:\/\/mathsguyon.fr\/index.php?rest_route=\/wp\/v2\/pages\/4652\/revisions\/4679"}],"up":[{"embeddable":true,"href":"https:\/\/mathsguyon.fr\/index.php?rest_route=\/wp\/v2\/pages\/4521"}],"wp:attachment":[{"href":"https:\/\/mathsguyon.fr\/index.php?rest_route=%2Fwp%2Fv2%2Fmedia&parent=4652"}],"curies":[{"name":"wp","href":"https:\/\/api.w.org\/{rel}","templated":true}]}}