{"id":1543,"date":"2016-10-14T15:04:10","date_gmt":"2016-10-14T14:04:10","guid":{"rendered":"http:\/\/mathsguyon.fr\/?page_id=1543"},"modified":"2018-03-04T21:46:42","modified_gmt":"2018-03-04T20:46:42","slug":"somme-et-difference-avec-le-meme-denominateur","status":"publish","type":"page","link":"https:\/\/mathsguyon.fr\/?page_id=1543","title":{"rendered":"Somme et diff\u00e9rence avec le m\u00eame d\u00e9nominateur"},"content":{"rendered":"<h2><span style=\"color: #000080;\"><em>Il faut travailler ces exercices avant sur une feuille et ne regarder la correction qu&rsquo;apr\u00e8s avoir cherch\u00e9.<\/em><\/span><\/h2>\n<h2 style=\"text-align: center;\"><span style=\"color: #800000;\"><strong>Somme et diff\u00e9rence avec le m\u00eame d\u00e9nominateur<br \/>\n<\/strong><\/span><\/h2>\n<h2>Calculer :<\/h2>\n<h2>$$ A = \\frac{7}{9} +\\frac{5}{9} $$ \u00a0 \u00a0\u00a0 \u00a0\u00a0 $$ B = \\frac{19}{8} -\\frac{15}{8} $$\u00a0 \u00a0 \u00a0 $$ C = \\frac{5}{12} +\\frac{13}{12} $$ \u00a0 \u00a0\u00a0 \u00a0\u00a0 $$ D = \\frac{27}{13} -\\frac{1}{13} $$\u00a0\u00a0\u00a0\u00a0\u00a0\u00a0 \u00a0\u00a0\u00a0 <a href=\"https:\/\/youtube.com\/embed\/zP0T_bjcHBQ\">Correction<\/a><\/h2>\n","protected":false},"excerpt":{"rendered":"<p>Il faut travailler ces exercices avant sur une feuille et ne regarder la correction qu&rsquo;apr\u00e8s avoir cherch\u00e9. Somme et diff\u00e9rence avec le m\u00eame d\u00e9nominateur Calculer : $$ A = \\frac{7}{9} +\\frac{5}{9} $$ \u00a0 \u00a0\u00a0 \u00a0\u00a0 $$ B = \\frac{19}{8} -\\frac{15}{8} &hellip; <a href=\"https:\/\/mathsguyon.fr\/?page_id=1543\">Continuer la lecture <span class=\"meta-nav\">&rarr;<\/span><\/a><\/p>\n","protected":false},"author":1,"featured_media":0,"parent":1531,"menu_order":0,"comment_status":"closed","ping_status":"closed","template":"","meta":{"footnotes":""},"class_list":["post-1543","page","type-page","status-publish","hentry"],"_links":{"self":[{"href":"https:\/\/mathsguyon.fr\/index.php?rest_route=\/wp\/v2\/pages\/1543","targetHints":{"allow":["GET"]}}],"collection":[{"href":"https:\/\/mathsguyon.fr\/index.php?rest_route=\/wp\/v2\/pages"}],"about":[{"href":"https:\/\/mathsguyon.fr\/index.php?rest_route=\/wp\/v2\/types\/page"}],"author":[{"embeddable":true,"href":"https:\/\/mathsguyon.fr\/index.php?rest_route=\/wp\/v2\/users\/1"}],"replies":[{"embeddable":true,"href":"https:\/\/mathsguyon.fr\/index.php?rest_route=%2Fwp%2Fv2%2Fcomments&post=1543"}],"version-history":[{"count":2,"href":"https:\/\/mathsguyon.fr\/index.php?rest_route=\/wp\/v2\/pages\/1543\/revisions"}],"predecessor-version":[{"id":1590,"href":"https:\/\/mathsguyon.fr\/index.php?rest_route=\/wp\/v2\/pages\/1543\/revisions\/1590"}],"up":[{"embeddable":true,"href":"https:\/\/mathsguyon.fr\/index.php?rest_route=\/wp\/v2\/pages\/1531"}],"wp:attachment":[{"href":"https:\/\/mathsguyon.fr\/index.php?rest_route=%2Fwp%2Fv2%2Fmedia&parent=1543"}],"curies":[{"name":"wp","href":"https:\/\/api.w.org\/{rel}","templated":true}]}}