{"id":1342,"date":"2016-10-04T12:34:11","date_gmt":"2016-10-04T11:34:11","guid":{"rendered":"http:\/\/mathsguyon.fr\/?page_id=1342"},"modified":"2024-01-15T15:20:44","modified_gmt":"2024-01-15T14:20:44","slug":"evolutions-et-pourcentage","status":"publish","type":"page","link":"https:\/\/mathsguyon.fr\/?page_id=1342","title":{"rendered":"Proportions et pourcentages"},"content":{"rendered":"<h1 style=\"text-align: center;\"><a href=\"http:\/\/mathsguyon.fr\/wp-content\/uploads\/2024\/01\/Cours_proportions_2023.pdf\">Cours en pdf<\/a>\u00a0\u00a0 <a href=\"http:\/\/mathsguyon.fr\/wp-content\/uploads\/2024\/01\/PDT_2023_proportions.pdf\">Plan de Travail avec corrections<\/a><\/h1>\n<h2 style=\"text-align: center;\"><a href=\"https:\/\/link.dgpad.net\/fSFR\">QCM n\u00b01<\/a><\/h2>\n<h2><a href=\"https:\/\/youtube.com\/embed\/f-hqo-DLHcQ\">Vid\u00e9o n\u00b01<\/a> :\u00a0Proportion d&rsquo;une sous-population<\/h2>\n<h2 style=\"text-align: center;\"><span style=\"color: #800000;\">Exercice corrig\u00e9 :<\/span><\/h2>\n<p>Lors d&rsquo;un tournoi de basket, Gaspard a marqu\u00e9 12 paniers sur 20 lancers tandis que Rose en a marqu\u00e9 15 sur 24. Quel est celui qui a le meilleur pourcentage de r\u00e9ussite ?<\/p>\n<h2 style=\"text-align: center;\">\u00a0<a href=\"http:\/\/www.youtube.com\/watch?v=mLI9nCBF_1A\">Correction<\/a><\/h2>\n<h2 style=\"text-align: center;\"><a href=\"https:\/\/link.dgpad.net\/Bhyw\">QCM n\u00b02<\/a><\/h2>\n<h2><a href=\"https:\/\/youtube.com\/embed\/hYIPZxU34SA\">Vid\u00e9o 2 :<\/a> Calculer l&rsquo;effectif d&rsquo;une sous-population<\/h2>\n<h2><a href=\"https:\/\/youtube.com\/embed\/7PsaDiij32Q\">Vid\u00e9o 3<\/a> : Calculer l&rsquo;effectif d&rsquo;une population totale<\/h2>\n<h2 style=\"text-align: center;\"><a href=\"https:\/\/link.dgpad.net\/gDJG\">QCM n\u00b03<\/a><\/h2>\n<h2 style=\"text-align: center;\"><a href=\"https:\/\/link.dgpad.net\/2Vmq\">QCM n\u00b04<\/a><\/h2>\n<h2><span style=\"color: #800000;\"><strong>Exercice corrig\u00e9 :<\/strong><\/span><\/h2>\n<p>Dans un club, 25% des adh\u00e9rents ont moins de 18 ans dont 20% ont moins de 15 ans.<br \/>\nQuelle est la proportion des moins de 15 ans dans ce club?<\/p>\n<h2 style=\"text-align: center;\"><a href=\"http:\/\/www.youtube.com\/watch?v=oqMRpwNlb9Q\">Correction<\/a><\/h2>\n","protected":false},"excerpt":{"rendered":"<p>Cours en pdf\u00a0\u00a0 Plan de Travail avec corrections QCM n\u00b01 Vid\u00e9o n\u00b01 :\u00a0Proportion d&rsquo;une sous-population Exercice corrig\u00e9 : Lors d&rsquo;un tournoi de basket, Gaspard a marqu\u00e9 12 paniers sur 20 lancers tandis que Rose en a marqu\u00e9 15 sur 24. &hellip; <a href=\"https:\/\/mathsguyon.fr\/?page_id=1342\">Continuer la lecture <span class=\"meta-nav\">&rarr;<\/span><\/a><\/p>\n","protected":false},"author":1,"featured_media":0,"parent":0,"menu_order":0,"comment_status":"closed","ping_status":"closed","template":"","meta":{"footnotes":""},"class_list":["post-1342","page","type-page","status-publish","hentry"],"_links":{"self":[{"href":"https:\/\/mathsguyon.fr\/index.php?rest_route=\/wp\/v2\/pages\/1342","targetHints":{"allow":["GET"]}}],"collection":[{"href":"https:\/\/mathsguyon.fr\/index.php?rest_route=\/wp\/v2\/pages"}],"about":[{"href":"https:\/\/mathsguyon.fr\/index.php?rest_route=\/wp\/v2\/types\/page"}],"author":[{"embeddable":true,"href":"https:\/\/mathsguyon.fr\/index.php?rest_route=\/wp\/v2\/users\/1"}],"replies":[{"embeddable":true,"href":"https:\/\/mathsguyon.fr\/index.php?rest_route=%2Fwp%2Fv2%2Fcomments&post=1342"}],"version-history":[{"count":30,"href":"https:\/\/mathsguyon.fr\/index.php?rest_route=\/wp\/v2\/pages\/1342\/revisions"}],"predecessor-version":[{"id":9447,"href":"https:\/\/mathsguyon.fr\/index.php?rest_route=\/wp\/v2\/pages\/1342\/revisions\/9447"}],"wp:attachment":[{"href":"https:\/\/mathsguyon.fr\/index.php?rest_route=%2Fwp%2Fv2%2Fmedia&parent=1342"}],"curies":[{"name":"wp","href":"https:\/\/api.w.org\/{rel}","templated":true}]}}